{"id":8998,"date":"2018-12-30T15:39:54","date_gmt":"2018-12-30T14:39:54","guid":{"rendered":"http:\/\/almkullens.se\/?page_id=8998"},"modified":"2022-10-06T07:47:32","modified_gmt":"2022-10-06T05:47:32","slug":"almkullens-hexa","status":"publish","type":"page","link":"https:\/\/almkullens.se\/?page_id=8998","title":{"rendered":"J Almkullens Hexa"},"content":{"rendered":"\n<div class=\"wp-block-media-text alignfull has-media-on-the-right is-stacked-on-mobile advgb-dyn-9552da85\"><div class=\"wp-block-media-text__content\">\n<p class=\"has-white-background-color has-background wp-block-paragraph\"><strong>Almkullens Hexa<\/strong>\u00a0SE13779\/2018<br \/><strong>Far:<\/strong>\u00a0Inouk De L\u2019ardour<br \/><strong>Mor:<\/strong>\u00a0Almkullens Aska<br \/><strong>F\u00f6dd:<\/strong>\u00a022\/12 2017<br \/><strong>HD:<\/strong>\u00a0A<br \/><strong>HQ:<\/strong>\u00a00,98<br \/><strong>F\u00e4rg:<\/strong>\u00a0Vit &amp; Orange skimmel<br \/><strong>Svans:<\/strong>\u00a0L\u00e5ng svans<br \/><strong>Mankh\u00f6jd:<\/strong> ca 48<br \/><strong>Jaktprov<\/strong>:<br \/>F\u00e4lt: \u00a0  \u00a0 \u00a0 \u00a01 pris Ukl i Danmark<br \/>Fj\u00e4ll: \u00a0 \u00a0 \u00a0\u00a01 pris Ukl<br \/>Skog: \u00a0 \u00a0  \u00a02 pris Ukl<br \/>F\u00e4lt: \u00a0  \u00a0 \u00a0 \u00a01 pris Ukl<br \/>\u00a0 \u00a0 \u00a0 \u00a0 \u00a0 \u00a0 \u00a0\u00a0 \u00a02 pris \u00d6kl<br \/>Fj\u00e4ll: \u00a0 \u00a0 \u00a0\u00a01 pris \u00d6kl<br \/>F\u00e4lt: \u00a0 \u00a0 \u00a0 \u00a02 pris Ekl<br \/>2020:\u00a0 \u00a0 \u00a02 pris Ekl<br \/>2021:\u00a0 \u00a0 \u00a01 pris Ekl<br \/>2022:\u00a0 \u00a0 \u00a02 pris Ekl<br \/>\u00c5rets Breton Allround-2019<br \/><strong>Utst\u00e4llning<\/strong>:<br \/>Jaktklass: Very Good<br \/>Galleri: <a href=\"https:\/\/almkullens.se\/?page_id=8467\">Almkullens Hexa<\/a><\/p>\n<\/div><figure class=\"wp-block-media-text__media\"><a href=\"https:\/\/almkullens.se\/wp-content\/uploads\/2020\/02\/041-scaled.jpg\" rel=\"lightbox[8998]\"><img loading=\"lazy\" decoding=\"async\" width=\"1024\" height=\"683\" src=\"https:\/\/almkullens.se\/wp-content\/uploads\/2020\/02\/041-1024x683.jpg\" alt=\"\" class=\"wp-image-10203 size-full\" srcset=\"https:\/\/almkullens.se\/wp-content\/uploads\/2020\/02\/041-1024x683.jpg 1024w, https:\/\/almkullens.se\/wp-content\/uploads\/2020\/02\/041-300x200.jpg 300w, https:\/\/almkullens.se\/wp-content\/uploads\/2020\/02\/041-768x512.jpg 768w, https:\/\/almkullens.se\/wp-content\/uploads\/2020\/02\/041-1536x1024.jpg 1536w, https:\/\/almkullens.se\/wp-content\/uploads\/2020\/02\/041-2048x1366.jpg 2048w\" sizes=\"auto, (max-width: 1024px) 100vw, 1024px\" \/><\/a><\/figure><\/div>\n\n\n\n<p class=\"has-very-dark-gray-color has-text-color wp-block-paragraph\"><br \/><\/p>\n\n\n<div class=\"wp-block-image\">\n<figure class=\"alignleft size-large is-resized\"><a href=\"https:\/\/almkullens.se\/wp-content\/uploads\/2018\/11\/551.jpg\" rel=\"lightbox[8998]\"><img loading=\"lazy\" decoding=\"async\" src=\"https:\/\/almkullens.se\/wp-content\/uploads\/2019\/06\/071-1024x683.jpg\" alt=\"\" class=\"wp-image-9752\" width=\"684\" height=\"456\" srcset=\"https:\/\/almkullens.se\/wp-content\/uploads\/2019\/06\/071-1024x683.jpg 1024w, https:\/\/almkullens.se\/wp-content\/uploads\/2019\/06\/071-300x200.jpg 300w, https:\/\/almkullens.se\/wp-content\/uploads\/2019\/06\/071-768x512.jpg 768w, https:\/\/almkullens.se\/wp-content\/uploads\/2019\/06\/071.jpg 1800w\" sizes=\"auto, (max-width: 684px) 100vw, 684px\" \/><\/a><\/figure>\n<\/div>\n\n\n<p class=\"has-very-dark-gray-color has-white-background-color has-text-color has-background wp-block-paragraph\">Hexa \u00e4r en helmysig tjej som vill vara en v\u00e4ldigt n\u00e4ra, hon vill g\u00e4rna ligga i kn\u00e4t och kela, om man \u00e4r ute p\u00e5 g\u00e5rden och grejjar s\u00e5 beh\u00f6ver man inte h\u00e5lla koll p\u00e5 henne, hon h\u00e5ller koll p\u00e5 oss! <br \/>Hexa \u00e4r en trygg och stabil tjej men hon \u00e4r \u00e4nd\u00e5 f\u00f6rarvek, hon \u00e4r allts\u00e5 v\u00e4ldigt l\u00e4tt att ha att g\u00f6ra med, man kan inte l\u00e5ta bli att \u00e4lska denna underbara tik \u2764\ufe0f <br \/>Hexa har en t\u00e4t och fin reviering, och (ta i tr\u00e4&#8230;) hon v\u00e4nder n\u00e4stan alltid r\u00e4tt i vinden och hon sekunderar spontant! <br \/>Vi har stor tro p\u00e5 denna h\u00e4rliga tjej!<\/p>\n\n\n\n<figure class=\"wp-block-image\"><a href=\"https:\/\/almkullens.se\/wp-content\/uploads\/2010\/07\/H-kull.jpg\" rel=\"lightbox[8998]\"><img loading=\"lazy\" decoding=\"async\" width=\"794\" height=\"632\" src=\"https:\/\/almkullens.se\/wp-content\/uploads\/2010\/07\/H-kull.jpg\" alt=\"\" class=\"wp-image-8230\" srcset=\"https:\/\/almkullens.se\/wp-content\/uploads\/2010\/07\/H-kull.jpg 794w, https:\/\/almkullens.se\/wp-content\/uploads\/2010\/07\/H-kull-300x239.jpg 300w, https:\/\/almkullens.se\/wp-content\/uploads\/2010\/07\/H-kull-768x611.jpg 768w\" sizes=\"auto, (max-width: 794px) 100vw, 794px\" \/><\/a><\/figure>\n","protected":false},"excerpt":{"rendered":"<p>Almkullens Hexa\u00a0SE13779\/2018Far:\u00a0Inouk De L\u2019ardourMor:\u00a0Almkullens AskaF\u00f6dd:\u00a022\/12 2017HD:\u00a0AHQ:\u00a00,98F\u00e4rg:\u00a0Vit &amp; Orange skimmelSvans:\u00a0L\u00e5ng svansMankh\u00f6jd: ca 48Jaktprov:F\u00e4lt: \u00a0 \u00a0 \u00a0 \u00a01 pris Ukl i DanmarkFj\u00e4ll: \u00a0 \u00a0 \u00a0\u00a01 pris UklSkog: \u00a0 \u00a0 \u00a02 pris UklF\u00e4lt: \u00a0 \u00a0 \u00a0 \u00a01 pris Ukl\u00a0 \u00a0 \u00a0 \u00a0 \u00a0 \u00a0 \u00a0\u00a0 \u00a02 pris \u00d6klFj\u00e4ll: \u00a0 \u00a0 \u00a0\u00a01 pris \u00d6klF\u00e4lt: \u00a0 \u00a0 \u00a0 \u00a02 pris [&hellip;]<\/p>\n","protected":false},"author":1,"featured_media":0,"parent":0,"menu_order":0,"comment_status":"closed","ping_status":"closed","template":"","meta":{"_crdt_document":"","advgb_blocks_editor_width":"","advgb_blocks_columns_visual_guide":"","footnotes":""},"class_list":["post-8998","page","type-page","status-publish","hentry","entry"],"coauthors":[],"author_meta":{"author_link":"https:\/\/almkullens.se\/?author=1","display_name":"Peter &amp; Johanna"},"relative_dates":{"created":"Publicerad 7 \u00e5r sedan","modified":"Uppdaterad 4 \u00e5r sedan"},"absolute_dates":{"created":"Publicerat den 30 december, 2018","modified":"Uppdaterad den 6 oktober, 2022"},"absolute_dates_time":{"created":"Publicerat den 30 december, 2018 15:39","modified":"Uppdaterad den 6 oktober, 2022 07:47"},"featured_img_caption":"","featured_img":false,"series_order":"","jetpack_sharing_enabled":true,"_links":{"self":[{"href":"https:\/\/almkullens.se\/index.php?rest_route=\/wp\/v2\/pages\/8998","targetHints":{"allow":["GET"]}}],"collection":[{"href":"https:\/\/almkullens.se\/index.php?rest_route=\/wp\/v2\/pages"}],"about":[{"href":"https:\/\/almkullens.se\/index.php?rest_route=\/wp\/v2\/types\/page"}],"author":[{"embeddable":true,"href":"https:\/\/almkullens.se\/index.php?rest_route=\/wp\/v2\/users\/1"}],"replies":[{"embeddable":true,"href":"https:\/\/almkullens.se\/index.php?rest_route=%2Fwp%2Fv2%2Fcomments&post=8998"}],"version-history":[{"count":27,"href":"https:\/\/almkullens.se\/index.php?rest_route=\/wp\/v2\/pages\/8998\/revisions"}],"predecessor-version":[{"id":11886,"href":"https:\/\/almkullens.se\/index.php?rest_route=\/wp\/v2\/pages\/8998\/revisions\/11886"}],"wp:attachment":[{"href":"https:\/\/almkullens.se\/index.php?rest_route=%2Fwp%2Fv2%2Fmedia&parent=8998"}],"curies":[{"name":"wp","href":"https:\/\/api.w.org\/{rel}","templated":true}]}}