{"id":8763,"date":"2019-01-09T10:54:42","date_gmt":"2019-01-09T09:54:42","guid":{"rendered":"http:\/\/almkullens.se\/?page_id=8763"},"modified":"2026-01-24T12:57:17","modified_gmt":"2026-01-24T11:57:17","slug":"almkullens-f-kull","status":"publish","type":"page","link":"https:\/\/almkullens.se\/?page_id=8763","title":{"rendered":"Almkullens F-kull"},"content":{"rendered":"\n<figure class=\"wp-block-gallery has-nested-images columns-default is-cropped wp-block-gallery-1 is-layout-flex wp-block-gallery-is-layout-flex\">\n<figure class=\"wp-block-image size-large\"><img loading=\"lazy\" decoding=\"async\" width=\"640\" height=\"427\" data-id=\"5233\" src=\"https:\/\/almkullens.se\/wp-content\/uploads\/2015\/04\/BOB-DES-LANDES-DU-PECH-8.jpg\" alt=\"\" class=\"wp-image-5233\" srcset=\"https:\/\/almkullens.se\/wp-content\/uploads\/2015\/04\/BOB-DES-LANDES-DU-PECH-8.jpg 640w, https:\/\/almkullens.se\/wp-content\/uploads\/2015\/04\/BOB-DES-LANDES-DU-PECH-8-300x200.jpg 300w\" sizes=\"auto, (max-width: 640px) 100vw, 640px\" \/><\/figure>\n\n\n\n<figure class=\"wp-block-image size-large\"><img loading=\"lazy\" decoding=\"async\" width=\"1024\" height=\"682\" data-id=\"4397\" src=\"https:\/\/almkullens.se\/wp-content\/uploads\/2014\/10\/IMG_5732-1024x682.jpg\" alt=\"\" class=\"wp-image-4397\" srcset=\"https:\/\/almkullens.se\/wp-content\/uploads\/2014\/10\/IMG_5732-1024x682.jpg 1024w, https:\/\/almkullens.se\/wp-content\/uploads\/2014\/10\/IMG_5732-300x199.jpg 300w, https:\/\/almkullens.se\/wp-content\/uploads\/2014\/10\/IMG_5732.jpg 2048w\" sizes=\"auto, (max-width: 1024px) 100vw, 1024px\" \/><\/figure>\n<\/figure>\n\n\n\n<figure class=\"wp-block-table\"><table class=\"has-fixed-layout\"><tbody><tr><td> <br \/><strong>Bob Des Landes Du Pech<\/strong><br \/>LOF24395430470<br \/>Tricolor<br \/>Kuperad svans<br \/>HD: A<br \/>Champion Printemps<br \/>Champion&nbsp;Automne<br \/>Champion&nbsp;Travail<br \/>Champion&nbsp;International Beaute<br \/>Champion&nbsp;International Exposition<br \/>Vice Champion&nbsp;De La Race 2012<br \/>Vice Champion&nbsp;De La Race 2011<br \/>Champion&nbsp;Gibier Sauvage<br \/>\u00c4gare:&nbsp;St\u00e9phane Portelli<br \/>Galleri:&nbsp;<a href=\"https:\/\/almkullens.se\/?page_id=5229\">Bob Des Landes Du Pech<\/a> <\/td><td> <br \/><strong>P\u00e5lamalmens Elva<br \/><\/strong>S22072\/2008<br \/>Vit\/Orange<br \/>Avsaknad av svans<br \/>HD: B<br \/>SE JCH<br \/>SE UCH<br \/>Exellent RCACIT&nbsp;4 plac i VM 2011<br \/>Excellent&nbsp;6 plac i Medelhavscupen-13<br \/>4Excellent i Medelhavscupen-14<br \/>Silver i Lag VM-14<br \/><a href=\"https:\/\/almkullens.se\/?page_id=368\">Elvas sida<\/a> <br \/><br \/><br \/><br \/><\/td><\/tr><\/tbody><\/table><\/figure>\n\n\n\n<p class=\"has-text-align-center has-white-background-color has-background wp-block-paragraph\"><em>Valparna \u00e4r f\u00f6dda den 2\/4 2015<\/em> <\/p>\n\n\n\n<hr class=\"wp-block-separator has-css-opacity is-style-wide\"\/>\n\n\n\n<div class=\"wp-block-columns has-2-columns is-layout-flex wp-container-core-columns-is-layout-8f761849 wp-block-columns-is-layout-flex\">\n<div class=\"wp-block-column is-layout-flow wp-block-column-is-layout-flow\">\n<figure class=\"wp-block-image\"><a href=\"https:\/\/almkullens.se\/wp-content\/uploads\/2016\/03\/214.jpg\" rel=\"lightbox[8763]\"><img loading=\"lazy\" decoding=\"async\" width=\"1024\" height=\"683\" src=\"https:\/\/almkullens.se\/wp-content\/uploads\/2016\/05\/057-1024x683.jpg\" alt=\"\" class=\"wp-image-6948\" srcset=\"https:\/\/almkullens.se\/wp-content\/uploads\/2016\/05\/057-1024x683.jpg 1024w, https:\/\/almkullens.se\/wp-content\/uploads\/2016\/05\/057-300x200.jpg 300w, https:\/\/almkullens.se\/wp-content\/uploads\/2016\/05\/057-768x512.jpg 768w, https:\/\/almkullens.se\/wp-content\/uploads\/2016\/05\/057.jpg 1800w\" sizes=\"auto, (max-width: 1024px) 100vw, 1024px\" \/><\/a><\/figure>\n\n\n\n<p class=\"has-white-background-color has-background wp-block-paragraph\">Fia bor kvar hos oss h\u00e4r i V\u00e4neryr<a rel=\"lightbox[4507]\" data-slimstat=\"5\" href=\"https:\/\/almkullens.se\/wp-content\/uploads\/2015\/10\/3Q1A7903.jpg\"><br \/><\/a>Galleri:&nbsp;<a data-slimstat=\"5\" href=\"https:\/\/almkullens.se\/?page_id=5560\">Almkullens Fia<\/a><br \/>Fia har tre kullar\/17 valpar.<\/p>\n<\/div>\n\n\n\n<div class=\"wp-block-column is-layout-flow wp-block-column-is-layout-flow\">\n<p class=\"has-very-dark-gray-color has-white-background-color has-text-color has-background wp-block-paragraph\"><strong>Almkullens Fia<\/strong> <img loading=\"lazy\" decoding=\"async\" width=\"16\" height=\"16\" class=\"wp-image-9564\" style=\"width: 16px;\" src=\"https:\/\/almkullens.se\/wp-content\/uploads\/2019\/05\/rosett-r\u00f6d.gif\" alt=\"\"\/><img loading=\"lazy\" decoding=\"async\" width=\"16\" height=\"16\" class=\"wp-image-9563\" style=\"width: 16px;\" src=\"https:\/\/almkullens.se\/wp-content\/uploads\/2019\/05\/rosett-bl\u00e5.gif\" alt=\"\"\/><br \/>SE29341\/2015<br \/>HD: B<br \/>HQ: 0,98<br \/>Vit &amp; Orange<br \/>Mankh\u00f6jd: 48,5 cm<br \/>Tik med svans<br \/>Jaktprov:<br \/>F\u00e4lt:&nbsp;  &nbsp; &nbsp;5\u00d71 Ukl&nbsp; En med HP och 1 i Danmark<br \/>&nbsp; &nbsp; &nbsp; &nbsp; &nbsp; &nbsp;  &nbsp; 2 Ukl<br \/>&nbsp; &nbsp; &nbsp; &nbsp; &nbsp; &nbsp;  &nbsp; 1 \u00d6kl<br \/>Fj\u00e4ll: &nbsp;   &nbsp;2 Ekl<br \/>F\u00e4lt: &nbsp;&nbsp;  &nbsp;&nbsp;2 Ekl<br \/> &nbsp; &nbsp; &nbsp;&nbsp; &nbsp; &nbsp;&nbsp;&nbsp; &nbsp;&nbsp;3 Ekl<br \/>2020:&nbsp;&nbsp;  &nbsp;&nbsp;1 Ekl<br \/>2021:&nbsp;  &nbsp; &nbsp; 1 Ekl Res CACIT<br \/>2022:&nbsp;  &nbsp; &nbsp; 2 Ekl<br \/>\u00c5rets Breton Unghund \u2013 2016<br \/>Efters\u00f6ksprov: Ukl vatten: 10 po\u00e4ng<br \/>Utst\u00e4llning: <strong>SE UCH<\/strong><br \/>Valpkl 4-6 m\u00e5n: 1 HP BIS&nbsp;valp 2<br \/>Jaktkl: &nbsp; &nbsp; &nbsp; Excellent 3 x Cert Bir Bis 3 <\/p>\n<\/div>\n<\/div>\n\n\n\n<hr class=\"wp-block-separator has-css-opacity is-style-wide\"\/>\n\n\n\n<div class=\"wp-block-columns has-2-columns is-layout-flex wp-container-core-columns-is-layout-8f761849 wp-block-columns-is-layout-flex\">\n<div class=\"wp-block-column is-layout-flow wp-block-column-is-layout-flow\">\n<figure class=\"wp-block-image size-large is-resized\"><a href=\"https:\/\/almkullens.se\/wp-content\/uploads\/2016\/10\/956.jpg\" rel=\"lightbox[8763]\"><img loading=\"lazy\" decoding=\"async\" width=\"1024\" height=\"680\" src=\"https:\/\/almkullens.se\/wp-content\/uploads\/2019\/07\/Almkullens-Flua-1024x680.jpg\" alt=\"\" class=\"wp-image-9857\" style=\"width:439px;height:291px\" srcset=\"https:\/\/almkullens.se\/wp-content\/uploads\/2019\/07\/Almkullens-Flua-1024x680.jpg 1024w, https:\/\/almkullens.se\/wp-content\/uploads\/2019\/07\/Almkullens-Flua-300x199.jpg 300w, https:\/\/almkullens.se\/wp-content\/uploads\/2019\/07\/Almkullens-Flua-768x510.jpg 768w, https:\/\/almkullens.se\/wp-content\/uploads\/2019\/07\/Almkullens-Flua.jpg 1200w\" sizes=\"auto, (max-width: 1024px) 100vw, 1024px\" \/><\/a><figcaption class=\"wp-element-caption\">Foto: Rebecka Ylen<\/figcaption><\/figure>\n\n\n\n<p class=\"has-white-background-color has-background wp-block-paragraph\">Flua bor nu hos&nbsp;familjen Anders o Rebecka Dedorsson Ylen i Brunskog<br \/>Galleri:&nbsp;<a data-slimstat=\"5\" href=\"https:\/\/almkullens.se\/?page_id=5562\">Almkullens Flying Flua<\/a><br \/>Flua har 3 kullar\/15 valpar<\/p>\n<\/div>\n\n\n\n<div class=\"wp-block-column is-layout-flow wp-block-column-is-layout-flow\">\n<p class=\"has-very-dark-gray-color has-white-background-color has-text-color has-background wp-block-paragraph\"><strong>Almkullens Flying Flua<\/strong> &nbsp;<img loading=\"lazy\" decoding=\"async\" width=\"16\" height=\"16\" class=\"wp-image-9564\" style=\"width: 16px;\" src=\"https:\/\/almkullens.se\/wp-content\/uploads\/2019\/05\/rosett-r\u00f6d.gif\" alt=\"\"\/><img loading=\"lazy\" decoding=\"async\" width=\"16\" height=\"16\" class=\"wp-image-9563\" style=\"width: 16px;\" src=\"https:\/\/almkullens.se\/wp-content\/uploads\/2019\/05\/rosett-bl\u00e5.gif\" alt=\"\"\/><br \/>SE29342\/2015<br \/>HD: A<br \/>HQ: 0,97<br \/>Vit &amp; Orange<br \/>Mankh\u00f6jd: 48 cm<br \/>Tik med svans<br \/>Jaktprov:<br \/>F\u00e4lt: &nbsp; &nbsp; &nbsp;  &nbsp; 1 Ukl<br \/>&nbsp; &nbsp; &nbsp; &nbsp; &nbsp; &nbsp; &nbsp; &nbsp; &nbsp; 1 HP Ukl<br \/>Utst\u00e4llning:<br \/>Jaktkl: Excellent CERT Nordiskt CERT BIR<\/p>\n<\/div>\n<\/div>\n\n\n\n<hr class=\"wp-block-separator has-css-opacity is-style-wide\"\/>\n\n\n\n<div class=\"wp-block-columns has-2-columns is-layout-flex wp-container-core-columns-is-layout-8f761849 wp-block-columns-is-layout-flex\">\n<div class=\"wp-block-column is-layout-flow wp-block-column-is-layout-flow\">\n<figure class=\"wp-block-image is-resized\"><a href=\"https:\/\/almkullens.se\/wp-content\/uploads\/2016\/05\/1932.jpg\" rel=\"lightbox[8763]\"><img loading=\"lazy\" decoding=\"async\" width=\"300\" height=\"200\" src=\"https:\/\/almkullens.se\/wp-content\/uploads\/2016\/05\/1932-300x200.jpg\" alt=\"\" class=\"wp-image-6968\" style=\"width:439px;height:293px\" srcset=\"https:\/\/almkullens.se\/wp-content\/uploads\/2016\/05\/1932-300x200.jpg 300w, https:\/\/almkullens.se\/wp-content\/uploads\/2016\/05\/1932-768x512.jpg 768w, https:\/\/almkullens.se\/wp-content\/uploads\/2016\/05\/1932-1024x683.jpg 1024w, https:\/\/almkullens.se\/wp-content\/uploads\/2016\/05\/1932.jpg 1800w\" sizes=\"auto, (max-width: 300px) 100vw, 300px\" \/><\/a><\/figure>\n\n\n\n<p class=\"has-white-background-color has-background wp-block-paragraph\">Freja har flyttat till familjen Anders o Rebecka Dedorsson Ylen i Brunskog<a data-slimstat=\"5\" href=\"https:\/\/almkullens.se\/wp-content\/uploads\/2016\/05\/1932.jpg\" rel=\"lightbox[4507]\"><br \/><\/a>Galleri:&nbsp;<a data-slimstat=\"5\" href=\"https:\/\/almkullens.se\/?page_id=5564\">Almkullens Freja<br \/><\/a><a data-slimstat=\"5\" href=\"http:\/\/www.lapinlunas.se\/Freja\">Hemsida<\/a><br \/>Freja har 3 kullar\/20 valpar<\/p>\n<\/div>\n\n\n\n<div class=\"wp-block-column is-layout-flow wp-block-column-is-layout-flow\">\n<p class=\"has-very-dark-gray-color has-white-background-color has-text-color has-background wp-block-paragraph\"> <strong>Almkullens Freja<\/strong> <img loading=\"lazy\" decoding=\"async\" width=\"16\" height=\"16\" class=\"wp-image-9564\" style=\"width: 16px;\" src=\"https:\/\/almkullens.se\/wp-content\/uploads\/2019\/05\/rosett-r\u00f6d.gif\" alt=\"\"\/><img loading=\"lazy\" decoding=\"async\" width=\"16\" height=\"16\" class=\"wp-image-9563\" style=\"width: 16px;\" src=\"https:\/\/almkullens.se\/wp-content\/uploads\/2019\/05\/rosett-bl\u00e5.gif\" alt=\"\"\/><br \/>SE29343\/2015<br \/>HD: B<br \/>HQ: 0,97<br \/>Vit &amp; Orange<br \/>Mankh\u00f6jd: 49 cm<br \/>Tik med svans<br \/>Jaktprov:<br \/>F\u00e4lt: &nbsp; &nbsp; &nbsp;  2 Ukl<br \/>&nbsp; &nbsp; &nbsp; &nbsp; &nbsp; &nbsp; &nbsp; &nbsp; 1 Ukl&nbsp;<br \/>&nbsp; &nbsp; &nbsp; &nbsp; &nbsp; &nbsp; &nbsp; &nbsp; 2\u00d71 Ukl Norge<br \/>&nbsp; &nbsp; &nbsp; &nbsp; &nbsp; &nbsp; &nbsp; &nbsp;3 Ukl Norge<br \/>&nbsp; &nbsp; &nbsp; &nbsp; &nbsp; &nbsp; &nbsp; &nbsp; 1 \u00d6kl<br \/>&nbsp; &nbsp; &nbsp;&nbsp; &nbsp; &nbsp; &nbsp;&nbsp;&nbsp; &nbsp;2 Ekl<br \/>&nbsp; &nbsp; &nbsp;&nbsp; &nbsp; &nbsp; &nbsp;&nbsp;&nbsp; &nbsp;2 Ekl<br \/>&nbsp;&nbsp; &nbsp;&nbsp; &nbsp;  &nbsp;&nbsp; &nbsp;&nbsp;&nbsp; &nbsp;2 Ekl&nbsp;<br \/>2021-      2 Ekl<br \/>2021-      2 Ekl<br \/>Efters\u00f6ksprov: Ukl vatten: 6 po\u00e4ng<br \/>Utst\u00e4llning:<br \/>Jaktkl: &nbsp; &nbsp;Excellent <\/p>\n<\/div>\n<\/div>\n\n\n\n<hr class=\"wp-block-separator has-css-opacity is-style-wide\"\/>\n\n\n\n<div class=\"wp-block-columns has-2-columns is-layout-flex wp-container-core-columns-is-layout-8f761849 wp-block-columns-is-layout-flex\">\n<div class=\"wp-block-column is-layout-flow wp-block-column-is-layout-flow\">\n<figure class=\"wp-block-image is-resized\"><a href=\"https:\/\/almkullens.se\/wp-content\/uploads\/2016\/06\/Almkullens-Frasse-e1466269441302.jpg\" rel=\"lightbox[8763]\"><img loading=\"lazy\" decoding=\"async\" width=\"300\" height=\"226\" src=\"https:\/\/almkullens.se\/wp-content\/uploads\/2016\/06\/Almkullens-Frasse-e1466269441302-300x226.jpg\" alt=\"\" class=\"wp-image-7015\" style=\"width:448px;height:337px\" srcset=\"https:\/\/almkullens.se\/wp-content\/uploads\/2016\/06\/Almkullens-Frasse-e1466269441302-300x226.jpg 300w, https:\/\/almkullens.se\/wp-content\/uploads\/2016\/06\/Almkullens-Frasse-e1466269441302-768x579.jpg 768w, https:\/\/almkullens.se\/wp-content\/uploads\/2016\/06\/Almkullens-Frasse-e1466269441302-1024x772.jpg 1024w, https:\/\/almkullens.se\/wp-content\/uploads\/2016\/06\/Almkullens-Frasse-e1466269441302.jpg 1126w\" sizes=\"auto, (max-width: 300px) 100vw, 300px\" \/><\/a><\/figure>\n\n\n\n<p class=\"has-white-background-color has-background wp-block-paragraph\">Frasse har flyttat till familjen&nbsp;Kenneth Gr\u00e5hn i&nbsp;Alaj\u00e4rvi, Finland<br \/>Galleri:&nbsp;<a data-slimstat=\"5\" href=\"https:\/\/almkullens.se\/?page_id=5566\">Almkullens Frasse<\/a><br \/>Frasse har tre kullar\/16 valpar i Finland<br \/>Frasse \u00e4r startad p\u00e5 13 jaktprov, han har tagit pris p\u00e5 12&#8230; 7 st 1 pris varav 5 i Ekl! Han \u00e4r den 10 bretonen som blivit Finsk jaktchampion.<br \/>Han tog silver p\u00e5 Finska m\u00e4sterskapsprovet Riistakoira 2021, det \u00e4r den b\u00e4sta placering n\u00e5gonsin f\u00f6r en breton!<\/p>\n<\/div>\n\n\n\n<div class=\"wp-block-column is-layout-flow wp-block-column-is-layout-flow\">\n<p class=\"has-white-background-color has-background wp-block-paragraph\"><strong>Almkullens Frasse<\/strong> <img loading=\"lazy\" decoding=\"async\" width=\"16\" height=\"16\" class=\"wp-image-9564\" style=\"width: 16px;\" src=\"https:\/\/almkullens.se\/wp-content\/uploads\/2019\/05\/rosett-r\u00f6d.gif\" alt=\"\"\/><img loading=\"lazy\" decoding=\"async\" width=\"16\" height=\"16\" class=\"wp-image-9563\" style=\"width: 16px;\" src=\"https:\/\/almkullens.se\/wp-content\/uploads\/2019\/05\/rosett-bl\u00e5.gif\" alt=\"\"\/><br \/>SE29344\/2015<br \/>HD: C<br \/>Vit &amp; Svart<br \/>Mankh\u00f6jd: 51 cm<br \/>Hane med svans<br \/>ED: 0\/0 (utan anm\u00e4rkning)<br \/>\u00d6gon: Utan anm\u00e4rkning<br \/>Jaktprov: <strong>Finsk JCH<\/strong><br \/>2016 F\u00e4lt\u00a0 \u00a0 \u00a0\u00a01 Ukl 91p (av 100) Junkkari<br \/>2016 F\u00e4lt\u00a0 \u00a0 \u00a0\u00a02 \u00d6kl 65p<br \/>2017 F\u00e4lt\u00a0\u00a0 \u00a0\u00a0\u00a01 \u00d6kl 81p<br \/>2018 F\u00e4lt\u00a0\u00a0 \u00a0\u00a0\u00a01 Ekl 92p<br \/>2018 F\u00e4lt\u00a0 \u00a0 \u00a0\u00a01 Ekl 81p<br \/>2019 Skog\u00a0 \u00a0 3 Ekl 67p<br \/>2020 Skog\u00a0\u00a0 \u00a0\u00a02 Ekl 72p<br \/>2021 Skog\u00a0\u00a0\u00a0\u00a0 1 Ekl 95p <br \/>2021 F\u00e4lt \u00a0\u00a0 \u00a0\u00a0 1 Ekl 81p<br \/>2022 F\u00e4lt\u00a0 \u00a0 \u00a0 1 Ekl 86p<br \/>2023 F\u00e4lt\u00a0\u00a0 \u00a0\u00a02 Ekl 71p<br \/>Finsk Bretonm\u00e4stare 2018!<br \/>Silver p\u00e5 Finska m\u00e4sterskapsprovet Riistakoira 2021!<br \/>Brons p\u00e5 finska riksprovet Riistakoira + B\u00e4sta vattenhund! &#8211; 2023 <br \/>Efters\u00f6ksprov:<br \/>\u00a0 \u00a0Ukl vatten: Excellent 15p (NUO Vesit)<br \/>\u00a0 \u00a0\u00d6kl vatten: Excellent 20p (AVO Vesit)<br \/>\u00a0 \u00a0Ekl vatten: Excellent 10p (VOI Vesit)<br \/>\u00a0 \u00a0Ekl sp\u00e5r:\u00a0 \u00a0 \u00a0Exellent 10p (VOI J\u00e4lkit)<br \/>Utst\u00e4llning:\u00a0<strong>Finsk UCH<\/strong><br \/>Jaktkl: \u00a0 \u00a03x Excellent 2x Cert Bir Big 2<br \/>Rasm\u00f6nstring Junkkari: Excellent<\/p>\n<\/div>\n<\/div>\n\n\n\n<hr class=\"wp-block-separator has-css-opacity is-style-wide\"\/>\n\n\n\n<div class=\"wp-block-columns has-2-columns is-layout-flex wp-container-core-columns-is-layout-8f761849 wp-block-columns-is-layout-flex\">\n<div class=\"wp-block-column is-layout-flow wp-block-column-is-layout-flow\">\n<figure class=\"wp-block-image is-resized\"><a href=\"https:\/\/almkullens.se\/wp-content\/uploads\/2016\/05\/1275.jpg\" rel=\"lightbox[8763]\"><img loading=\"lazy\" decoding=\"async\" width=\"300\" height=\"200\" src=\"https:\/\/almkullens.se\/wp-content\/uploads\/2016\/05\/1275-300x200.jpg\" alt=\"\" class=\"wp-image-6961\" style=\"width:446px;height:297px\" srcset=\"https:\/\/almkullens.se\/wp-content\/uploads\/2016\/05\/1275-300x200.jpg 300w, https:\/\/almkullens.se\/wp-content\/uploads\/2016\/05\/1275-768x512.jpg 768w, https:\/\/almkullens.se\/wp-content\/uploads\/2016\/05\/1275-1024x683.jpg 1024w, https:\/\/almkullens.se\/wp-content\/uploads\/2016\/05\/1275.jpg 1800w\" sizes=\"auto, (max-width: 300px) 100vw, 300px\" \/><\/a><\/figure>\n\n\n\n<p class=\"has-white-background-color has-background wp-block-paragraph\">Foppa har flyttat till Pia Jelkest\u00e5hl i Trollh\u00e4ttan<br \/>Galleri:&nbsp;<a data-slimstat=\"5\" href=\"https:\/\/almkullens.se\/?page_id=5568\">Almkullens Foppa<\/a><br \/>Foppa \u00e4r tyv\u00e4rr d\u00f6d.<\/p>\n<\/div>\n\n\n\n<div class=\"wp-block-column is-layout-flow wp-block-column-is-layout-flow\">\n<p class=\"has-white-background-color has-background wp-block-paragraph\"><strong>Almkullens Foppa<\/strong> <img loading=\"lazy\" decoding=\"async\" width=\"16\" height=\"16\" class=\"wp-image-9564\" style=\"width: 16px;\" src=\"https:\/\/almkullens.se\/wp-content\/uploads\/2019\/05\/rosett-r\u00f6d.gif\" alt=\"\"\/><img loading=\"lazy\" decoding=\"async\" width=\"16\" height=\"16\" class=\"wp-image-9563\" style=\"width: 16px;\" src=\"https:\/\/almkullens.se\/wp-content\/uploads\/2019\/05\/rosett-bl\u00e5.gif\" alt=\"\"\/><br \/>SE29345\/2015<br \/>HD: D<br \/>Mankh\u00f6jd: 51 cm<br \/>Vit &amp; Orange<br \/>Hane med svans<br \/>Jaktprov:<br \/>F\u00e4lt:&nbsp; &nbsp;  1 Ukl i&nbsp;Danmark<br \/>&nbsp; &nbsp; &nbsp; &nbsp; &nbsp; &nbsp; &nbsp;1 HP Ukl<br \/>&nbsp; &nbsp; &nbsp; &nbsp; &nbsp; &nbsp; &nbsp;2 \u00d6kl<br \/> Fj\u00e4ll:&nbsp;  &nbsp;2 \u00d6kl <br \/>&nbsp;F\u00e4lt:  &nbsp; &nbsp;1 \u00d6kl<br \/>&nbsp; &nbsp; &nbsp; &nbsp; &nbsp; &nbsp; &nbsp;2 Ekl<br \/><br \/>Efters\u00f6ksprov:<br \/>Ukl: vatten: 6&nbsp;po\u00e4ng. sp\u00e5r: 10 po\u00e4ng<br \/>Utst\u00e4llning: &nbsp;<strong>SE UCH<\/strong><br \/>Jaktkl: &nbsp; &nbsp; &nbsp; Excellent 3xCert Bir CACIB <\/p>\n<\/div>\n<\/div>\n\n\n\n<p class=\"wp-block-paragraph\">F-kullens stamtavla<\/p>\n\n\n\n<figure class=\"wp-block-image\"><a href=\"https:\/\/almkullens.se\/wp-content\/uploads\/2010\/07\/Stamtavla-Elva-Bob-valp.jpg\" rel=\"lightbox[8763]\"><img loading=\"lazy\" decoding=\"async\" width=\"638\" height=\"655\" src=\"https:\/\/almkullens.se\/wp-content\/uploads\/2010\/07\/Stamtavla-Elva-Bob-valp.jpg\" alt=\"Stamtavla Elva-Bob valp\" class=\"wp-image-4550\" srcset=\"https:\/\/almkullens.se\/wp-content\/uploads\/2010\/07\/Stamtavla-Elva-Bob-valp.jpg 638w, https:\/\/almkullens.se\/wp-content\/uploads\/2010\/07\/Stamtavla-Elva-Bob-valp-292x300.jpg 292w\" sizes=\"auto, (max-width: 638px) 100vw, 638px\" \/><\/a><\/figure>\n","protected":false},"excerpt":{"rendered":"<p>Bob Des Landes Du PechLOF24395430470TricolorKuperad svansHD: AChampion PrintempsChampion&nbsp;AutomneChampion&nbsp;TravailChampion&nbsp;International BeauteChampion&nbsp;International ExpositionVice Champion&nbsp;De La Race 2012Vice Champion&nbsp;De La Race 2011Champion&nbsp;Gibier Sauvage\u00c4gare:&nbsp;St\u00e9phane PortelliGalleri:&nbsp;Bob Des Landes Du Pech P\u00e5lamalmens ElvaS22072\/2008Vit\/OrangeAvsaknad av svansHD: BSE JCHSE UCHExellent RCACIT&nbsp;4 plac i VM 2011Excellent&nbsp;6 plac i Medelhavscupen-134Excellent i Medelhavscupen-14Silver i Lag VM-14Elvas sida Valparna \u00e4r f\u00f6dda den 2\/4 2015 Fia bor kvar hos [&hellip;]<\/p>\n","protected":false},"author":1,"featured_media":0,"parent":0,"menu_order":0,"comment_status":"closed","ping_status":"closed","template":"","meta":{"_crdt_document":"","advgb_blocks_editor_width":"","advgb_blocks_columns_visual_guide":"","footnotes":""},"class_list":["post-8763","page","type-page","status-publish","hentry","entry"],"coauthors":[],"author_meta":{"author_link":"https:\/\/almkullens.se\/?author=1","display_name":"Peter &amp; Johanna"},"relative_dates":{"created":"Publicerad 7 \u00e5r sedan","modified":"Uppdaterad 3 m\u00e5nader sedan"},"absolute_dates":{"created":"Publicerat den 9 januari, 2019","modified":"Uppdaterad den 24 januari, 2026"},"absolute_dates_time":{"created":"Publicerat den 9 januari, 2019 10:54","modified":"Uppdaterad den 24 januari, 2026 12:57"},"featured_img_caption":"","featured_img":false,"series_order":"","jetpack_sharing_enabled":true,"_links":{"self":[{"href":"https:\/\/almkullens.se\/index.php?rest_route=\/wp\/v2\/pages\/8763","targetHints":{"allow":["GET"]}}],"collection":[{"href":"https:\/\/almkullens.se\/index.php?rest_route=\/wp\/v2\/pages"}],"about":[{"href":"https:\/\/almkullens.se\/index.php?rest_route=\/wp\/v2\/types\/page"}],"author":[{"embeddable":true,"href":"https:\/\/almkullens.se\/index.php?rest_route=\/wp\/v2\/users\/1"}],"replies":[{"embeddable":true,"href":"https:\/\/almkullens.se\/index.php?rest_route=%2Fwp%2Fv2%2Fcomments&post=8763"}],"version-history":[{"count":36,"href":"https:\/\/almkullens.se\/index.php?rest_route=\/wp\/v2\/pages\/8763\/revisions"}],"predecessor-version":[{"id":13014,"href":"https:\/\/almkullens.se\/index.php?rest_route=\/wp\/v2\/pages\/8763\/revisions\/13014"}],"wp:attachment":[{"href":"https:\/\/almkullens.se\/index.php?rest_route=%2Fwp%2Fv2%2Fmedia&parent=8763"}],"curies":[{"name":"wp","href":"https:\/\/api.w.org\/{rel}","templated":true}]}}