{"id":5032,"date":"2015-02-26T11:36:35","date_gmt":"2015-02-26T10:36:35","guid":{"rendered":"http:\/\/almkullens.se\/?page_id=5032"},"modified":"2019-11-02T12:38:17","modified_gmt":"2019-11-02T11:38:17","slug":"hd","status":"publish","type":"page","link":"https:\/\/almkullens.se\/?page_id=5032","title":{"rendered":"HD-r\u00f6ntgen"},"content":{"rendered":"\n<p class=\"wp-block-paragraph\">Vi vill ju att s\u00e5 m\u00e5nga som m\u00f6jligt r\u00f6ntgar sina hundar till ett s\u00e5 bra (l\u00e4s r\u00e4tt) resultat som m\u00f6jligt, och de r\u00e5d som vi kan ge \u00e4r:<\/p>\n\n\n\n<ul class=\"wp-block-list\"><li>Ha valpen i lagom hull, hellre lite tunn \u00e4n f\u00f6r fet.<\/li><li>Ta det lugnt med valpen&nbsp;den f\u00f6rsta tiden, inga l\u00e5nga promenader.<\/li><li>L\u00e5t inte valpen g\u00e5 i trappor!<\/li><li>Ge valpen ett bra valpfoder.<\/li><\/ul>\n\n\n\n<p class=\"wp-block-paragraph\">N\u00e4r det sedan \u00e4r dags f\u00f6r r\u00f6ntgen (oftast mellan ett och tv\u00e5 \u00e5rs \u00e5lder) s\u00e5 har Norska studier p\u00e5 bretoner visat att de hundarna som \u00e4r r\u00f6ntgade tidigt, allts\u00e5 drygt ett \u00e5r gamla, har b\u00e4ttre resultat i snitt \u00e4n de som r\u00f6ntgar senare. De r\u00e5d som vi har f\u00e5tt av mer insatta personer \u00e4r:<\/p>\n\n\n\n<ul class=\"wp-block-list\"><li>Ha hunden i god fysisk form vid r\u00f6ntgen.<\/li><li>R\u00f6ntga inte en tik f\u00f6r n\u00e4ra l\u00f6pet eftersom skelettet blir lite urkalkat d\u00e5. G\u00e4rna mitt emellan 2 l\u00f6p. (Det h\u00e4r kan vara en skr\u00f6na)<\/li><li>R\u00f6ntga hos n\u00e5gon som \u00e4r bra, s\u00e5 slipper du r\u00f6ntga om p.g.a&nbsp;att hunden inte l\u00e5g riktigt r\u00e4tt! En som \u00e4r bra&nbsp;p\u00e5 att r\u00f6ntga bretoner \u00e4r Bolln\u00e4s Veterin\u00e4rklinik AB med vet.&nbsp;\u00d6yvind Nagelhus.<\/li><li>Kontrollera bildens kvalit\u00e9, \u00e4r den skarp nog? s\u00e5 man ser vad som \u00e4r kulan resp. sk\u00e5len? Kr\u00e4v att sk\u00e4rpa\/kontrast osv. \u00e4r bra! En d\u00e5lig pl\u00e5t ger inte hunden r\u00e4ttvisa!<\/li><\/ul>\n\n\n\n<h3 class=\"wp-block-heading\"><strong>Omr\u00f6ntgen?<\/strong><\/h3>\n\n\n\n<div class=\"wp-block-image\"><figure class=\"alignright is-resized\"><a href=\"https:\/\/almkullens.se\/wp-content\/uploads\/2015\/02\/Almkullens-Demi.jpg\"  rel=\"lightbox[5032] attachment wp-att-5034\"><img loading=\"lazy\" decoding=\"async\" src=\"https:\/\/almkullens.se\/wp-content\/uploads\/2015\/02\/Almkullens-Demi-728x1024.jpg\" alt=\"Almkullens Demi HD: C\" class=\"wp-image-5034\" width=\"546\" height=\"768\" srcset=\"https:\/\/almkullens.se\/wp-content\/uploads\/2015\/02\/Almkullens-Demi-728x1024.jpg 728w, https:\/\/almkullens.se\/wp-content\/uploads\/2015\/02\/Almkullens-Demi-213x300.jpg 213w\" sizes=\"auto, (max-width: 546px) 100vw, 546px\" \/><\/a><figcaption>Almkullens Demi HD: C 1:a r\u00f6ntgen 1\u00e5r och 7m\u00e5n<\/figcaption><\/figure><\/div>\n\n\n\n<p class=\"wp-block-paragraph\">Det viktigaste \u00e4r ju att hunden f\u00e5tt r\u00e4tt f\u00f6ruts\u00e4ttningar, ligger r\u00e4tt och med r\u00e4tt sedering och att bilden har en bra kvalit\u00e9. \u00c4r allt det uppfyllt och hunden har f\u00e5tt C p\u00e5 h\u00f6fterna, ja d\u00e5 har den nog C.<br \/>Om hunden inte f\u00e5tt r\u00e4tt f\u00f6ruts\u00e4ttningar s\u00e5 JA, r\u00f6ntga om!<\/p>\n\n\n\n<p class=\"wp-block-paragraph\">Vi var den&nbsp;11\/2 &#8211; 15 i Sk\u00f6vde p\u00e5 en mycket intressant&nbsp;f\u00f6rel\u00e4sning om ledproblem. F\u00f6rel\u00e4sare var&nbsp;<em>Ole Frykman<\/em>, som har varit \u00f6verveterin\u00e4r p\u00e5 Regiondjursjukhuset i Str\u00f6msholm och numera \u00e4r veterin\u00e4r p\u00e5 Herrg\u00e5rdskliniken.<\/p>\n\n\n\n<p class=\"wp-block-paragraph\">Det var f\u00f6rst\u00e5s \u00e4ven diskussioner om HD.<br \/>H\u00f6ftledsdysplasi \u00e4r en defekt som g\u00f6r att h\u00f6ftledsk\u00e5len inte t\u00e4cker ledkulan. Ledkulan f\u00e5r f\u00f6r lite st\u00f6d och leden blir instabil. Denna instabilitet kan leda till brosk- samt benp\u00e5lagringar runt ledsk\u00e5lens kanter och deformering av l\u00e5rbenshuvudet.<\/p>\n\n\n\n<p class=\"wp-block-paragraph\">HD m\u00e4ts bl:a i hur slappa lederna \u00e4r dvs. en led som inte \u00e4r slapp d\u00e4r ligger kulan bra inne i h\u00f6ftledssk\u00e5len&nbsp;och&nbsp;p\u00e5 en slapp led s\u00e5 blir det instabilt.<\/p>\n\n\n\n<p class=\"wp-block-paragraph\">En hund som har f\u00e5tt HD diagnosen C kan ha en viss slapphet i lederna, den blir inte b\u00e4ttre f\u00f6r att man r\u00f6ntgar om! En kunnig\/okunnig? person som &#8221;drar bakbenen i r\u00f6ntgenl\u00e4ge&#8221; n\u00e4r pl\u00e5tarna tas kan samtidigt trycka in h\u00f6ftledskulorna s\u00e5 att hunden f\u00e5r ett b\u00e4ttre resultat \u00e4n den egentligen har.&nbsp;Det \u00e4r d\u00e4remot mycket sv\u00e5rare att f\u00e5 ett s\u00e4mre resultat \u00e4n vad hunden egentligen har, d\u00e5 det kr\u00e4vs det att man trycker ut h\u00f6ftledskulorna samtidigt-det \u00e4r visst sv\u00e5rt&#8230; <strong>Men sj\u00e4lvklart skall ju hunden ligga i r\u00e4tt l\u00e4ge!&nbsp;<br \/><\/strong>HD avl\u00e4sarna b\u00f6r v\u00e4l inte heller godk\u00e4nna&nbsp;pl\u00e5tarna om inte hunden ligger bra? Ja, vad vet jag? Men jag tror att vi hund\u00e4gare och de som r\u00f6ntgar, vi f\u00e5r&nbsp;ta v\u00e5rt ansvar&nbsp;inte skicka in pl\u00e5tar om inte \u00f6gonstenen ligger r\u00e4tt!<\/p>\n\n\n\n<div class=\"wp-block-image\"><figure class=\"alignright is-resized\"><a href=\"https:\/\/almkullens.se\/wp-content\/uploads\/2015\/02\/Demi-HD-\u00d6yvind-r\u00e4tad.jpg\" rel=\"lightbox[5032]\"><img loading=\"lazy\" decoding=\"async\" src=\"https:\/\/almkullens.se\/wp-content\/uploads\/2015\/02\/Demi-HD-\u00d6yvind-r\u00e4tad-694x1024.jpg\" alt=\"\" class=\"wp-image-8106\" width=\"521\" height=\"768\" srcset=\"https:\/\/almkullens.se\/wp-content\/uploads\/2015\/02\/Demi-HD-\u00d6yvind-r\u00e4tad-694x1024.jpg 694w, https:\/\/almkullens.se\/wp-content\/uploads\/2015\/02\/Demi-HD-\u00d6yvind-r\u00e4tad-203x300.jpg 203w, https:\/\/almkullens.se\/wp-content\/uploads\/2015\/02\/Demi-HD-\u00d6yvind-r\u00e4tad-768x1134.jpg 768w, https:\/\/almkullens.se\/wp-content\/uploads\/2015\/02\/Demi-HD-\u00d6yvind-r\u00e4tad.jpg 1084w\" sizes=\"auto, (max-width: 521px) 100vw, 521px\" \/><\/a><figcaption>Demi omr\u00f6ntgad hos \u00d6yvind HD: C 3\u00e5r och 8m\u00e5n<\/figcaption><\/figure><\/div>\n\n\n\n<p class=\"wp-block-paragraph\">Vi \u00e5kte upp till Bolln\u00e4s och \u00d6yvind Nagelhus och r\u00f6ntgade om Demi&#8230;h\u00e4r till h\u00f6ger \u00e4r den nya pl\u00e5ten, observera sk\u00e4rpan i bilden j\u00e4mf\u00f6rt med den ovan!<br \/>Demi fick av de svenska avl\u00e4sarna C igen&#8230;<br \/>HQ: 0,94<br \/>\u00d6yvind skickade d\u00e5 Demis pl\u00e5t till OFA=avl\u00e4sning i USA f\u00f6r att se hur de bed\u00f6mde hennes h\u00f6fter, det blev GOOD A-2!<br \/>P\u00e5 OFA \u00e4r det 3 st. som l\u00e4ser av varje pl\u00e5t och deras genomsnitt blir resultatet.<br \/>I Sverige (FCI) \u00e4r det endast en som l\u00e4ser av.<\/p>\n\n\n\n<p class=\"wp-block-paragraph\">Demi har allts\u00e5 om man \u00f6vers\u00e4tter resultaten till FCI<br \/> &nbsp; OFA Good = HD: A<br \/> &nbsp; &nbsp; &nbsp; HQ 0,94 = HD: B<br \/>och f\u00f6rst\u00e5s FCI HD: C<\/p>\n\n\n\n<figure class=\"wp-block-image alignwide\"><a href=\"https:\/\/almkullens.se\/wp-content\/uploads\/2015\/02\/Sk\u00e4rmklipp-1.jpg\" rel=\"lightbox[5032]\"><img loading=\"lazy\" decoding=\"async\" width=\"1194\" height=\"474\" src=\"https:\/\/almkullens.se\/wp-content\/uploads\/2015\/02\/Sk\u00e4rmklipp-1.jpg\" alt=\"\" class=\"wp-image-8108\" srcset=\"https:\/\/almkullens.se\/wp-content\/uploads\/2015\/02\/Sk\u00e4rmklipp-1.jpg 1194w, https:\/\/almkullens.se\/wp-content\/uploads\/2015\/02\/Sk\u00e4rmklipp-1-300x119.jpg 300w, https:\/\/almkullens.se\/wp-content\/uploads\/2015\/02\/Sk\u00e4rmklipp-1-768x305.jpg 768w, https:\/\/almkullens.se\/wp-content\/uploads\/2015\/02\/Sk\u00e4rmklipp-1-1024x407.jpg 1024w\" sizes=\"auto, (max-width: 1194px) 100vw, 1194px\" \/><\/a><\/figure>\n\n\n\n<p class=\"wp-block-paragraph\">F\u00f6r att f\u00f6rst\u00e5 vad som \u00e4r skillnad\/likhet mellan de olika avl\u00e4sningarna s\u00e5 har jag f\u00f6rs\u00f6kt att f\u00e5 till ett j\u00e4mf\u00f6relsediagram f\u00f6r h\u00f6ftleder, det finns m\u00e5nga gamla p\u00e5 n\u00e4tet men det h\u00e4r \u00e4r aktuellt fr\u00e5n Juli 2017! &nbsp;(om n\u00e5got inte st\u00e4mmer s\u00e5 h\u00f6r g\u00e4rna av er!)<\/p>\n\n\n\n<p class=\"wp-block-paragraph\">F\u00f6r att g\u00f6ra f\u00f6rvirringen total s\u00e5 har jag ytterligare ett exempel p\u00e5 hur os\u00e4kert resultatet kan vara&#8230;<br \/>Almkullens Eamon r\u00f6ntgad 1:a g\u00e5ngen vid 1 \u00e5rs \u00e5lder med HD: C omr\u00f6ntgad hos \u00d6yvind vid 2 \u00e5rs \u00e5lder \u00e4ven nu blev det HD: C pl\u00e5tarna skickades till Nordiska panelen och \u00e4ven de tyckte att han har HD C&#8230;. \u00d6yvind skickade bilden till OFA och d\u00e4r blev resultatet&nbsp;GOOD A-2! Och hans HQ ligger p\u00e5 0,97<br \/>Eamon har allts\u00e5 om man \u00f6vers\u00e4tter resultaten till FCI<br \/>&nbsp;  OFA Good = HD: A<br \/>&nbsp; &nbsp;&nbsp; &nbsp; HQ 0,97 = HD: A<br \/>och f\u00f6rst\u00e5s FCI HD: C<\/p>\n\n\n\n<div class=\"wp-block-image\"><figure class=\"alignleft is-resized\"><a href=\"https:\/\/almkullens.se\/wp-content\/uploads\/2015\/02\/Eamon-1a-bilden-1-\u00e5r-gammal.jpg\" rel=\"lightbox[5032]\"><img loading=\"lazy\" decoding=\"async\" src=\"https:\/\/almkullens.se\/wp-content\/uploads\/2015\/02\/Eamon-1a-bilden-1-\u00e5r-gammal-1024x788.jpg\" alt=\"\" class=\"wp-image-8111\" width=\"512\" height=\"394\" srcset=\"https:\/\/almkullens.se\/wp-content\/uploads\/2015\/02\/Eamon-1a-bilden-1-\u00e5r-gammal-1024x788.jpg 1024w, https:\/\/almkullens.se\/wp-content\/uploads\/2015\/02\/Eamon-1a-bilden-1-\u00e5r-gammal-300x231.jpg 300w, https:\/\/almkullens.se\/wp-content\/uploads\/2015\/02\/Eamon-1a-bilden-1-\u00e5r-gammal-768x591.jpg 768w, https:\/\/almkullens.se\/wp-content\/uploads\/2015\/02\/Eamon-1a-bilden-1-\u00e5r-gammal.jpg 1600w\" sizes=\"auto, (max-width: 512px) 100vw, 512px\" \/><\/a><figcaption>Eamon 1a bilden han \u00e4r 1 \u00e5r gammal<\/figcaption><\/figure><\/div>\n\n\n\n<div class=\"wp-block-image\"><figure class=\"alignright is-resized\"><a href=\"https:\/\/almkullens.se\/wp-content\/uploads\/2015\/02\/Eamon-Foto-\u00d6yvind-2-\u00e5r-gammal.jpg\" rel=\"lightbox[5032]\"><img loading=\"lazy\" decoding=\"async\" src=\"https:\/\/almkullens.se\/wp-content\/uploads\/2015\/02\/Eamon-Foto-\u00d6yvind-2-\u00e5r-gammal-1024x500.jpg\" alt=\"\" class=\"wp-image-8112\" width=\"512\" height=\"250\" srcset=\"https:\/\/almkullens.se\/wp-content\/uploads\/2015\/02\/Eamon-Foto-\u00d6yvind-2-\u00e5r-gammal-1024x500.jpg 1024w, https:\/\/almkullens.se\/wp-content\/uploads\/2015\/02\/Eamon-Foto-\u00d6yvind-2-\u00e5r-gammal-300x147.jpg 300w, https:\/\/almkullens.se\/wp-content\/uploads\/2015\/02\/Eamon-Foto-\u00d6yvind-2-\u00e5r-gammal-768x375.jpg 768w, https:\/\/almkullens.se\/wp-content\/uploads\/2015\/02\/Eamon-Foto-\u00d6yvind-2-\u00e5r-gammal.jpg 1600w\" sizes=\"auto, (max-width: 512px) 100vw, 512px\" \/><\/a><figcaption>Eamon omr\u00f6ntgad hos \u00d6yvind. Eamon \u00e4r h\u00e4r 2 \u00e5r gammal<\/figcaption><\/figure><\/div>\n","protected":false},"excerpt":{"rendered":"<p>Vi vill ju att s\u00e5 m\u00e5nga som m\u00f6jligt r\u00f6ntgar sina hundar till ett s\u00e5 bra (l\u00e4s r\u00e4tt) resultat som m\u00f6jligt, och de r\u00e5d som vi kan ge \u00e4r: Ha valpen i lagom hull, hellre lite tunn \u00e4n f\u00f6r fet. Ta det lugnt med valpen&nbsp;den f\u00f6rsta tiden, inga l\u00e5nga promenader. L\u00e5t inte valpen g\u00e5 i trappor! [&hellip;]<\/p>\n","protected":false},"author":1,"featured_media":0,"parent":4780,"menu_order":0,"comment_status":"closed","ping_status":"closed","template":"onecolumn-page.php","meta":{"_crdt_document":"","advgb_blocks_editor_width":"","advgb_blocks_columns_visual_guide":"","footnotes":""},"class_list":["post-5032","page","type-page","status-publish","hentry","entry"],"coauthors":[],"author_meta":{"author_link":"https:\/\/almkullens.se\/?author=1","display_name":"Peter &amp; Johanna"},"relative_dates":{"created":"Publicerad 11 \u00e5r sedan","modified":"Uppdaterad 6 \u00e5r sedan"},"absolute_dates":{"created":"Publicerat den 26 februari, 2015","modified":"Uppdaterad den 2 november, 2019"},"absolute_dates_time":{"created":"Publicerat den 26 februari, 2015 11:36","modified":"Uppdaterad den 2 november, 2019 12:38"},"featured_img_caption":"","featured_img":false,"series_order":"","jetpack_sharing_enabled":true,"_links":{"self":[{"href":"https:\/\/almkullens.se\/index.php?rest_route=\/wp\/v2\/pages\/5032","targetHints":{"allow":["GET"]}}],"collection":[{"href":"https:\/\/almkullens.se\/index.php?rest_route=\/wp\/v2\/pages"}],"about":[{"href":"https:\/\/almkullens.se\/index.php?rest_route=\/wp\/v2\/types\/page"}],"author":[{"embeddable":true,"href":"https:\/\/almkullens.se\/index.php?rest_route=\/wp\/v2\/users\/1"}],"replies":[{"embeddable":true,"href":"https:\/\/almkullens.se\/index.php?rest_route=%2Fwp%2Fv2%2Fcomments&post=5032"}],"version-history":[{"count":15,"href":"https:\/\/almkullens.se\/index.php?rest_route=\/wp\/v2\/pages\/5032\/revisions"}],"predecessor-version":[{"id":10120,"href":"https:\/\/almkullens.se\/index.php?rest_route=\/wp\/v2\/pages\/5032\/revisions\/10120"}],"up":[{"embeddable":true,"href":"https:\/\/almkullens.se\/index.php?rest_route=\/wp\/v2\/pages\/4780"}],"wp:attachment":[{"href":"https:\/\/almkullens.se\/index.php?rest_route=%2Fwp%2Fv2%2Fmedia&parent=5032"}],"curies":[{"name":"wp","href":"https:\/\/api.w.org\/{rel}","templated":true}]}}