{"id":4877,"date":"2015-01-08T12:45:38","date_gmt":"2015-01-08T11:45:38","guid":{"rendered":"http:\/\/almkullens.se\/?page_id=4877"},"modified":"2019-01-11T09:26:34","modified_gmt":"2019-01-11T08:26:34","slug":"fargmatrix","status":"publish","type":"page","link":"https:\/\/almkullens.se\/?page_id=4877","title":{"rendered":"F\u00e4rgmatrix"},"content":{"rendered":"\n<div class=\"wp-block-image\"><figure class=\"alignright is-resized\"><a href=\"https:\/\/almkullens.se\/wp-content\/uploads\/2015\/01\/F\u00e4rgmatrix-Breton.jpg\" rel=\"lightbox[4877]\"><img loading=\"lazy\" decoding=\"async\" src=\"https:\/\/almkullens.se\/wp-content\/uploads\/2015\/01\/F\u00e4rgmatrix-Breton.jpg\" alt=\"\" class=\"wp-image-7832\" width=\"695\" height=\"610\" srcset=\"https:\/\/almkullens.se\/wp-content\/uploads\/2015\/01\/F\u00e4rgmatrix-Breton.jpg 926w, https:\/\/almkullens.se\/wp-content\/uploads\/2015\/01\/F\u00e4rgmatrix-Breton-300x263.jpg 300w, https:\/\/almkullens.se\/wp-content\/uploads\/2015\/01\/F\u00e4rgmatrix-Breton-768x674.jpg 768w\" sizes=\"auto, (max-width: 695px) 100vw, 695px\" \/><\/a><\/figure><\/div>\n\n\n\n<p class=\"wp-block-paragraph\">Vilka f\u00e4rger kan man f\u00f6rv\u00e4nta sig i kullen? Ja, ju mer man vet om de tillt\u00e4nkta f\u00f6r\u00e4ldradjuren&nbsp;desto s\u00e4krare kan man vara om vilka f\u00e4rger som \u00e4r m\u00f6jliga. Det finns bretonhundar som f\u00e5r sobelf\u00e4rg ocks\u00e5 men det \u00e4r en icke \u00f6nskv\u00e4rd&nbsp;f\u00e4rg.<\/p>\n\n\n\n<p class=\"wp-block-paragraph\">H\u00e4r st\u00e5r det en hel del att l\u00e4sa om Bretonens f\u00e4rger:&nbsp;<a href=\"http:\/\/www.laboklin.co.uk\/BrittanyCoatColours.pdf\">Coat Colours in Brittany<\/a><\/p>\n","protected":false},"excerpt":{"rendered":"<p>Vilka f\u00e4rger kan man f\u00f6rv\u00e4nta sig i kullen? Ja, ju mer man vet om de tillt\u00e4nkta f\u00f6r\u00e4ldradjuren&nbsp;desto s\u00e4krare kan man vara om vilka f\u00e4rger som \u00e4r m\u00f6jliga. Det finns bretonhundar som f\u00e5r sobelf\u00e4rg ocks\u00e5 men det \u00e4r en icke \u00f6nskv\u00e4rd&nbsp;f\u00e4rg. H\u00e4r st\u00e5r det en hel del att l\u00e4sa om Bretonens f\u00e4rger:&nbsp;Coat Colours in Brittany<\/p>\n","protected":false},"author":1,"featured_media":0,"parent":4780,"menu_order":0,"comment_status":"closed","ping_status":"closed","template":"onecolumn-page.php","meta":{"_crdt_document":"","advgb_blocks_editor_width":"","advgb_blocks_columns_visual_guide":"","footnotes":""},"class_list":["post-4877","page","type-page","status-publish","hentry","entry"],"coauthors":[],"author_meta":{"author_link":"https:\/\/almkullens.se\/?author=1","display_name":"Peter &amp; Johanna"},"relative_dates":{"created":"Publicerad 11 \u00e5r sedan","modified":"Uppdaterad 7 \u00e5r sedan"},"absolute_dates":{"created":"Publicerat den 8 januari, 2015","modified":"Uppdaterad den 11 januari, 2019"},"absolute_dates_time":{"created":"Publicerat den 8 januari, 2015 12:45","modified":"Uppdaterad den 11 januari, 2019 09:26"},"featured_img_caption":"","featured_img":false,"series_order":"","jetpack_sharing_enabled":true,"_links":{"self":[{"href":"https:\/\/almkullens.se\/index.php?rest_route=\/wp\/v2\/pages\/4877","targetHints":{"allow":["GET"]}}],"collection":[{"href":"https:\/\/almkullens.se\/index.php?rest_route=\/wp\/v2\/pages"}],"about":[{"href":"https:\/\/almkullens.se\/index.php?rest_route=\/wp\/v2\/types\/page"}],"author":[{"embeddable":true,"href":"https:\/\/almkullens.se\/index.php?rest_route=\/wp\/v2\/users\/1"}],"replies":[{"embeddable":true,"href":"https:\/\/almkullens.se\/index.php?rest_route=%2Fwp%2Fv2%2Fcomments&post=4877"}],"version-history":[{"count":17,"href":"https:\/\/almkullens.se\/index.php?rest_route=\/wp\/v2\/pages\/4877\/revisions"}],"predecessor-version":[{"id":9187,"href":"https:\/\/almkullens.se\/index.php?rest_route=\/wp\/v2\/pages\/4877\/revisions\/9187"}],"up":[{"embeddable":true,"href":"https:\/\/almkullens.se\/index.php?rest_route=\/wp\/v2\/pages\/4780"}],"wp:attachment":[{"href":"https:\/\/almkullens.se\/index.php?rest_route=%2Fwp%2Fv2%2Fmedia&parent=4877"}],"curies":[{"name":"wp","href":"https:\/\/api.w.org\/{rel}","templated":true}]}}

Färgmatrix

<div class="wp-block-image"><figure class="alignright is-resized"><a href="https://almkullens.se/wp-content/uploads/2015/01/Färgmatrix-Breton.jpg" rel="lightbox[4877]"><img loading="lazy" decoding="async" src="https://almkullens.se/wp-content/uploads/2015/01/Färgmatrix-Breton.jpg" alt="" class="wp-image-7832" width="695" height="610" srcset="https://almkullens.se/wp-content/uploads/2015/01/Färgmatrix-Breton.jpg 926w, https://almkullens.se/wp-content/uploads/2015/01/Färgmatrix-Breton-300x263.jpg 300w, https://almkullens.se/wp-content/uploads/2015/01/Färgmatrix-Breton-768x674.jpg 768w" sizes="auto, (max-width: 695px) 100vw, 695px" /></a></figure></div>



<p class="wp-block-paragraph">Vilka färger kan man förvänta sig i kullen? Ja, ju mer man vet om de tilltänkta föräldradjuren&nbsp;desto säkrare kan man vara om vilka färger som är möjliga. Det finns bretonhundar som får sobelfärg också men det är en icke önskvärd&nbsp;färg.</p>



<p class="wp-block-paragraph">Här står det en hel del att läsa om Bretonens färger:&nbsp;<a href="http://www.laboklin.co.uk/BrittanyCoatColours.pdf">Coat Colours in Brittany</a></p>

<p>Vilka färger kan man förvänta sig i kullen? Ja, ju mer man vet om de tilltänkta föräldradjuren&nbsp;desto säkrare kan man vara om vilka färger som är möjliga. Det finns bretonhundar som får sobelfärg också men det är en icke önskvärd&nbsp;färg. Här står det en hel del att läsa om Bretonens färger:&nbsp;Coat Colours in Brittany</p>

Publicerad 11 år sedan

Uppdaterad 7 år sedan
