{"id":4780,"date":"2014-12-20T16:48:50","date_gmt":"2014-12-20T15:48:50","guid":{"rendered":"http:\/\/almkullens.se\/?page_id=4780"},"modified":"2022-08-03T15:10:37","modified_gmt":"2022-08-03T13:10:37","slug":"breton","status":"publish","type":"page","link":"https:\/\/almkullens.se\/?page_id=4780","title":{"rendered":"Breton"},"content":{"rendered":"<p><a title=\"F\u00e4rgmatrix\" href=\"https:\/\/almkullens.se\/?page_id=4877\">F\u00e4rgmatrix<\/a><\/p>\n<p><a href=\"https:\/\/almkullens.se\/?page_id=11688\">F\u00e4rger p\u00e5 Breton<\/a><\/p>\n<p><a href=\"https:\/\/almkullens.se\/?page_id=7736\">Svansl\u00f6shet\/stubbsvans<\/a><\/p>\n<p><a title=\"H\u00e4lsa\/HD\" href=\"https:\/\/almkullens.se\/?page_id=4782\">H\u00e4lsa\/HD<\/a><\/p>\n<p><a href=\"https:\/\/almkullens.se\/?page_id=5032\">HD-r\u00f6ntgen<\/a><\/p>\n","protected":false},"excerpt":{"rendered":"<p>F\u00e4rgmatrix F\u00e4rger p\u00e5 Breton Svansl\u00f6shet\/stubbsvans H\u00e4lsa\/HD HD-r\u00f6ntgen<\/p>\n","protected":false},"author":1,"featured_media":0,"parent":0,"menu_order":0,"comment_status":"closed","ping_status":"open","template":"","meta":{"_crdt_document":"","advgb_blocks_editor_width":"","advgb_blocks_columns_visual_guide":"","footnotes":""},"class_list":["post-4780","page","type-page","status-publish","hentry","entry"],"coauthors":[],"author_meta":{"author_link":"https:\/\/almkullens.se\/?author=1","display_name":"Peter &amp; Johanna"},"relative_dates":{"created":"Publicerad 11 \u00e5r sedan","modified":"Uppdaterad 4 \u00e5r sedan"},"absolute_dates":{"created":"Publicerat den 20 december, 2014","modified":"Uppdaterad den 3 augusti, 2022"},"absolute_dates_time":{"created":"Publicerat den 20 december, 2014 16:48","modified":"Uppdaterad den 3 augusti, 2022 15:10"},"featured_img_caption":"","featured_img":false,"series_order":"","jetpack_sharing_enabled":true,"_links":{"self":[{"href":"https:\/\/almkullens.se\/index.php?rest_route=\/wp\/v2\/pages\/4780","targetHints":{"allow":["GET"]}}],"collection":[{"href":"https:\/\/almkullens.se\/index.php?rest_route=\/wp\/v2\/pages"}],"about":[{"href":"https:\/\/almkullens.se\/index.php?rest_route=\/wp\/v2\/types\/page"}],"author":[{"embeddable":true,"href":"https:\/\/almkullens.se\/index.php?rest_route=\/wp\/v2\/users\/1"}],"replies":[{"embeddable":true,"href":"https:\/\/almkullens.se\/index.php?rest_route=%2Fwp%2Fv2%2Fcomments&post=4780"}],"version-history":[{"count":5,"href":"https:\/\/almkullens.se\/index.php?rest_route=\/wp\/v2\/pages\/4780\/revisions"}],"predecessor-version":[{"id":11733,"href":"https:\/\/almkullens.se\/index.php?rest_route=\/wp\/v2\/pages\/4780\/revisions\/11733"}],"wp:attachment":[{"href":"https:\/\/almkullens.se\/index.php?rest_route=%2Fwp%2Fv2%2Fmedia&parent=4780"}],"curies":[{"name":"wp","href":"https:\/\/api.w.org\/{rel}","templated":true}]}}