{"id":368,"date":"2010-08-18T18:52:03","date_gmt":"2010-08-18T18:52:03","guid":{"rendered":"http:\/\/almkullens.se\/?page_id=368"},"modified":"2022-05-26T13:02:11","modified_gmt":"2022-05-26T11:02:11","slug":"palamalmens-elva","status":"publish","type":"page","link":"https:\/\/almkullens.se\/?page_id=368","title":{"rendered":"SE JCH SE UCH P\u00e5lamalmens Elva"},"content":{"rendered":"<div class=\"wp-block-image\">\n<figure class=\"alignright is-resized\"><a href=\"https:\/\/almkullens.se\/wp-content\/uploads\/2010\/08\/162.jpg\" rel=\"lightbox[368]\"><img loading=\"lazy\" decoding=\"async\" src=\"https:\/\/almkullens.se\/wp-content\/uploads\/2010\/08\/162-1024x682.jpg\" alt=\"P\u00e5lamalmens Elva\" class=\"wp-image-3107\" width=\"568\" height=\"378\" srcset=\"https:\/\/almkullens.se\/wp-content\/uploads\/2010\/08\/162-1024x682.jpg 1024w, https:\/\/almkullens.se\/wp-content\/uploads\/2010\/08\/162-300x200.jpg 300w, https:\/\/almkullens.se\/wp-content\/uploads\/2010\/08\/162.jpg 1200w\" sizes=\"auto, (max-width: 568px) 100vw, 568px\" \/><\/a><figcaption>P\u00e5lamalmens Elva \u00c4g: Peter Nilsson<\/figcaption><\/figure>\n<\/div>\n\n\n<p class=\"has-white-background-color has-background wp-block-paragraph\"><strong>P\u00e5lamalmens Elva<\/strong> S22072\/2008<br \/><strong>Far<\/strong>: Pasties De La Cour Des Perdrix<br \/><strong>Mor<\/strong>: Elske Van &#8217;t Gillishof<br \/><strong>F\u00f6dd<\/strong>: 16\/2 2008<br \/><strong>D\u00f6d<\/strong>: 30\/12 2015 efter olycksh\u00e4ndelse<br \/><strong>HD:<\/strong>&nbsp;B<br \/><strong>F\u00e4rg:<\/strong>&nbsp;Vit &amp; Orange skimmel<br \/><strong>Svans:<\/strong>&nbsp;avsaknad av svans<br \/><strong>Mankh\u00f6jd:<\/strong>&nbsp;ca 51<\/p>\n\n\n\n<p class=\"has-white-background-color has-background wp-block-paragraph\"><strong>Jaktprov: &nbsp; &nbsp;SE JCH<\/strong><br \/>F\u00e4lt: &nbsp; &nbsp; &nbsp; &nbsp; &nbsp; &nbsp;&nbsp;1 Ukl<br \/>&nbsp;&nbsp;&nbsp;&nbsp;&nbsp;&nbsp;&nbsp;&nbsp;&nbsp;&nbsp;&nbsp;&nbsp;&nbsp;&nbsp;&nbsp;&nbsp;&nbsp;&nbsp;&nbsp;&nbsp;&nbsp;&nbsp;1 \u00d6kl<br \/>&nbsp;&nbsp;&nbsp;&nbsp;&nbsp;&nbsp;&nbsp;&nbsp;&nbsp;&nbsp;&nbsp;&nbsp;&nbsp;&nbsp;&nbsp;&nbsp;&nbsp;&nbsp;&nbsp;&nbsp;&nbsp;3&#215;2 Ekl<br \/>&nbsp;&nbsp;&nbsp;&nbsp;&nbsp;&nbsp;&nbsp;&nbsp;&nbsp;&nbsp;&nbsp;&nbsp;&nbsp;&nbsp;&nbsp;&nbsp;&nbsp;&nbsp;&nbsp;&nbsp;&nbsp;3&#215;1 Ekl<\/p>\n\n\n\n<p class=\"has-white-background-color has-background wp-block-paragraph\">Skog: Medelhavscup och VM i Frankrike 2011<br \/>&nbsp;&nbsp;&nbsp;&nbsp;&nbsp;&nbsp;Excellent RCacit VM 2011 individuell 4-plac.<br \/>       I lagVM blev det en 5:e placering.<br \/>F\u00e4lt:  Medelhavscup och VM i Kroatien 2013<br \/>&nbsp;&nbsp;&nbsp;&nbsp;&nbsp;&nbsp;Excellent Medelhavscupen i Kroatien 2013 individuell 6-plac.<br \/>F\u00e4lt: &nbsp; Medelhavscup och VM i Italien 2014<br \/>&nbsp;&nbsp;&nbsp;&nbsp;&nbsp;4&#8217;Excellent Medelhavscupen i Italien 23\/10 2014<br \/>      3 bon VM 25\/10 2014<br \/>&nbsp;&nbsp;&nbsp;&nbsp;&nbsp;&nbsp;Silver i Lag VM 2014<\/p>\n\n\n\n<p class=\"has-white-background-color has-background wp-block-paragraph\"><strong>Utst\u00e4llning: &nbsp;SE UCH<\/strong><br \/>Junkl:&nbsp;&nbsp;&nbsp;&nbsp;&nbsp;&nbsp;&nbsp;&nbsp;&nbsp; &nbsp;&nbsp;1 Hp<br \/>Jaktkl:&nbsp;&nbsp;&nbsp;&nbsp;&nbsp;&nbsp;&nbsp;&nbsp;&nbsp; 4&#215;1\/Excellent 3x&nbsp;CERT BIR &nbsp;1xCACIB &nbsp;BIS 3<\/p>\n\n\n\n<p class=\"wp-block-paragraph\"><a href=\"https:\/\/almkullens.se\/wp-content\/uploads\/2014\/10\/Demi-Jaktprov.pdf\">Jaktprovskritik p\u00e5 Elva<\/a><br \/><a href=\"https:\/\/almkullens.se\/?page_id=3713\">Elvas Galleri<\/a>&nbsp;<\/p>\n\n\n\n<p class=\"has-white-background-color has-background wp-block-paragraph\">Elva var med i det svenska VM-laget i Frankrike 2011 som avgjordes p\u00e5 skog, hon kom p\u00e5 4:e plats individuellt med ett Excellent och reserv CACIT. (en 2:a placering p\u00e5 en av dagarna) \u00a0I lagt\u00e4vlingen blev det en 5:e placering.<br \/>Elva fick 3 kullar med totalt 16 valpar. Tre \u00e4r jaktchampion och fyra \u00e4r Utst\u00e4llningschampion (Tv\u00e5 dubbelchampion) 12 av valparna har g\u00e5tt till pris, 10 av dem har f\u00e5tt 1 pris och 8 av dem \u00e4r elithundar&#8230;<br \/>hennes valpar har sammanlagt 38 st 1 pris!!!! Och hennes barnbarn (90 i olika l\u00e4nder) har i skrivande stund 16 st 1 pris! <br \/>Elva erh\u00f6ll 2017 SKK&#8217;s Bruksavelspris.<\/p>\n\n\n<div class=\"wp-block-image\">\n<figure class=\"alignleft is-resized\"><a href=\"https:\/\/almkullens.se\/wp-content\/uploads\/2010\/08\/302.jpg\" rel=\"lightbox[368]\"><img loading=\"lazy\" decoding=\"async\" src=\"https:\/\/almkullens.se\/wp-content\/uploads\/2010\/08\/302-300x200.jpg\" alt=\"P\u00e5lamalmens Elva\" class=\"wp-image-3108\" width=\"492\" height=\"328\" srcset=\"https:\/\/almkullens.se\/wp-content\/uploads\/2010\/08\/302-300x200.jpg 300w, https:\/\/almkullens.se\/wp-content\/uploads\/2010\/08\/302-1024x682.jpg 1024w, https:\/\/almkullens.se\/wp-content\/uploads\/2010\/08\/302.jpg 1200w\" sizes=\"auto, (max-width: 492px) 100vw, 492px\" \/><\/a><\/figure>\n<\/div>\n\n\n<p class=\"has-white-background-color has-background wp-block-paragraph\">Denna lilla fr\u00f6ken blev h\u00e4mtad fr\u00e5n P\u00e5lamalmens kennel en aprildag 2008, och var v\u00e4ldigt efterl\u00e4ngtad d\u00e5 vi varit p\u00e5 jakt efter en bretontik i n\u00e4stan&nbsp;2 \u00e5rs tid. Men den som v\u00e4ntar p\u00e5 n\u00e5got gott&#8230;.<\/p>\n\n\n\n<p class=\"has-white-background-color has-background wp-block-paragraph\">Det har visat sig att hon \u00e4r en mycket trevlig hund som funkar bra ihop med alla t\u00e4nkbara hundar, katter, och g\u00e5rdens andra djur.<\/p>\n\n\n\n<p class=\"has-white-background-color has-background wp-block-paragraph\">Att f\u00e5 varit med om att tr\u00e4na detta lilla paket fr\u00e5n de f\u00f6rsta stapplande stegen med inkallning, till att f\u00e5 vara med om att ta det tredje 1:a priset i Ekl. p\u00e5 f\u00e4lt vid 2 \u00e5r och 8 m\u00e5naders \u00e5lder (klar SE JCH) har varit en sann gl\u00e4dje. Elva har endast startats 8 g\u00e5nger i Sverige och g\u00e5tt till pris p\u00e5 samtliga.<\/p>\n\n\n<div class=\"wp-block-image\">\n<figure class=\"alignright is-resized\"><a href=\"https:\/\/almkullens.se\/wp-content\/uploads\/2010\/08\/853.jpg\" rel=\"lightbox[368]\"><img loading=\"lazy\" decoding=\"async\" src=\"https:\/\/almkullens.se\/wp-content\/uploads\/2010\/08\/853-300x200.jpg\" alt=\"P\u00e5lamalmens Elva\" class=\"wp-image-3109\" width=\"546\" height=\"364\" srcset=\"https:\/\/almkullens.se\/wp-content\/uploads\/2010\/08\/853-300x200.jpg 300w, https:\/\/almkullens.se\/wp-content\/uploads\/2010\/08\/853-1024x682.jpg 1024w, https:\/\/almkullens.se\/wp-content\/uploads\/2010\/08\/853.jpg 1200w\" sizes=\"auto, (max-width: 546px) 100vw, 546px\" \/><\/a><\/figure>\n<\/div>\n\n\n<p class=\"has-white-background-color has-background wp-block-paragraph\">Hon har redan fr\u00e5n f\u00f6rsta b\u00f6rjan varit v\u00e4ldigt noga med att vara husse till lags och varit l\u00e4tt att ha med att g\u00f6ra. Vi hade lite bakslag med apporteringen vid 7 m\u00e5naders \u00e5lder men detta l\u00f6ste sig riktigt bra n\u00e4r hon bara fick vara hund n\u00e5gra m\u00e5nader till&nbsp;och inte ha en ilsk husse som f\u00f6rs\u00f6kte f\u00e5 henne att apportera som han gjort med sina andra hundar. &nbsp;Elvas stora styrka som jag ser det \u00e4r att hon verkligen vill var mig till lags och f\u00f6rs\u00f6ker in i det l\u00e4ngsta att bevara mina mungipor h\u00f6gt och h\u00e4nderna i byxfickorna d\u00e5 vi g\u00e5r och njuter av hennes fantastiska s\u00e4tt att ta sig an f\u00e4lt och fj\u00e4ll med h\u00f6g fart, riktigt bra reviering och enast\u00e5ende f\u00e5gelbehandling.<\/p>\n\n\n<div class=\"wp-block-image\">\n<figure class=\"alignleft\"><a href=\"https:\/\/almkullens.se\/wp-content\/uploads\/2010\/08\/Stamtavla-P\u00e5lamalmens-Elva.jpg\" rel=\"lightbox[368]\"><img loading=\"lazy\" decoding=\"async\" width=\"866\" height=\"526\" src=\"https:\/\/almkullens.se\/wp-content\/uploads\/2010\/08\/Stamtavla-P\u00e5lamalmens-Elva.jpg\" alt=\"Stamtavla P\u00e5lamalmens Elva\" class=\"wp-image-4564\" srcset=\"https:\/\/almkullens.se\/wp-content\/uploads\/2010\/08\/Stamtavla-P\u00e5lamalmens-Elva.jpg 866w, https:\/\/almkullens.se\/wp-content\/uploads\/2010\/08\/Stamtavla-P\u00e5lamalmens-Elva-300x182.jpg 300w\" sizes=\"auto, (max-width: 866px) 100vw, 866px\" \/><\/a><\/figure>\n<\/div>","protected":false},"excerpt":{"rendered":"<p>P\u00e5lamalmens Elva S22072\/2008Far: Pasties De La Cour Des PerdrixMor: Elske Van &#8217;t GillishofF\u00f6dd: 16\/2 2008D\u00f6d: 30\/12 2015 efter olycksh\u00e4ndelseHD:&nbsp;BF\u00e4rg:&nbsp;Vit &amp; Orange skimmelSvans:&nbsp;avsaknad av svansMankh\u00f6jd:&nbsp;ca 51 Jaktprov: &nbsp; &nbsp;SE JCHF\u00e4lt: &nbsp; &nbsp; &nbsp; &nbsp; &nbsp; &nbsp;&nbsp;1 Ukl&nbsp;&nbsp;&nbsp;&nbsp;&nbsp;&nbsp;&nbsp;&nbsp;&nbsp;&nbsp;&nbsp;&nbsp;&nbsp;&nbsp;&nbsp;&nbsp;&nbsp;&nbsp;&nbsp;&nbsp;&nbsp;&nbsp;1 \u00d6kl&nbsp;&nbsp;&nbsp;&nbsp;&nbsp;&nbsp;&nbsp;&nbsp;&nbsp;&nbsp;&nbsp;&nbsp;&nbsp;&nbsp;&nbsp;&nbsp;&nbsp;&nbsp;&nbsp;&nbsp;&nbsp;3&#215;2 Ekl&nbsp;&nbsp;&nbsp;&nbsp;&nbsp;&nbsp;&nbsp;&nbsp;&nbsp;&nbsp;&nbsp;&nbsp;&nbsp;&nbsp;&nbsp;&nbsp;&nbsp;&nbsp;&nbsp;&nbsp;&nbsp;3&#215;1 Ekl Skog: Medelhavscup och VM i Frankrike 2011&nbsp;&nbsp;&nbsp;&nbsp;&nbsp;&nbsp;Excellent RCacit VM 2011 individuell 4-plac. I lagVM blev det [&hellip;]<\/p>\n","protected":false},"author":1,"featured_media":0,"parent":0,"menu_order":0,"comment_status":"closed","ping_status":"open","template":"onecolumn-page.php","meta":{"_crdt_document":"","advgb_blocks_editor_width":"","advgb_blocks_columns_visual_guide":"","footnotes":""},"class_list":["post-368","page","type-page","status-publish","hentry","entry"],"coauthors":[],"author_meta":{"author_link":"https:\/\/almkullens.se\/?author=1","display_name":"Peter &amp; Johanna"},"relative_dates":{"created":"Publicerad 16 \u00e5r sedan","modified":"Uppdaterad 4 \u00e5r sedan"},"absolute_dates":{"created":"Publicerat den 18 augusti, 2010","modified":"Uppdaterad den 26 maj, 2022"},"absolute_dates_time":{"created":"Publicerat den 18 augusti, 2010 18:52","modified":"Uppdaterad den 26 maj, 2022 13:02"},"featured_img_caption":"","featured_img":false,"series_order":"","jetpack_sharing_enabled":true,"_links":{"self":[{"href":"https:\/\/almkullens.se\/index.php?rest_route=\/wp\/v2\/pages\/368","targetHints":{"allow":["GET"]}}],"collection":[{"href":"https:\/\/almkullens.se\/index.php?rest_route=\/wp\/v2\/pages"}],"about":[{"href":"https:\/\/almkullens.se\/index.php?rest_route=\/wp\/v2\/types\/page"}],"author":[{"embeddable":true,"href":"https:\/\/almkullens.se\/index.php?rest_route=\/wp\/v2\/users\/1"}],"replies":[{"embeddable":true,"href":"https:\/\/almkullens.se\/index.php?rest_route=%2Fwp%2Fv2%2Fcomments&post=368"}],"version-history":[{"count":113,"href":"https:\/\/almkullens.se\/index.php?rest_route=\/wp\/v2\/pages\/368\/revisions"}],"predecessor-version":[{"id":11337,"href":"https:\/\/almkullens.se\/index.php?rest_route=\/wp\/v2\/pages\/368\/revisions\/11337"}],"wp:attachment":[{"href":"https:\/\/almkullens.se\/index.php?rest_route=%2Fwp%2Fv2%2Fmedia&parent=368"}],"curies":[{"name":"wp","href":"https:\/\/api.w.org\/{rel}","templated":true}]}}

SE JCH SE UCH Pålamalmens Elva

<div class="wp-block-image">
<figure class="alignright is-resized"><a href="https://almkullens.se/wp-content/uploads/2010/08/162.jpg" rel="lightbox[368]"><img loading="lazy" decoding="async" src="https://almkullens.se/wp-content/uploads/2010/08/162-1024x682.jpg" alt="Pålamalmens Elva" class="wp-image-3107" width="568" height="378" srcset="https://almkullens.se/wp-content/uploads/2010/08/162-1024x682.jpg 1024w, https://almkullens.se/wp-content/uploads/2010/08/162-300x200.jpg 300w, https://almkullens.se/wp-content/uploads/2010/08/162.jpg 1200w" sizes="auto, (max-width: 568px) 100vw, 568px" /></a><figcaption>Pålamalmens Elva Äg: Peter Nilsson</figcaption></figure>
</div>


<p class="has-white-background-color has-background wp-block-paragraph"><strong>Pålamalmens Elva</strong> S22072/2008<br /><strong>Far</strong>: Pasties De La Cour Des Perdrix<br /><strong>Mor</strong>: Elske Van &#8217;t Gillishof<br /><strong>Född</strong>: 16/2 2008<br /><strong>Död</strong>: 30/12 2015 efter olyckshändelse<br /><strong>HD:</strong>&nbsp;B<br /><strong>Färg:</strong>&nbsp;Vit &amp; Orange skimmel<br /><strong>Svans:</strong>&nbsp;avsaknad av svans<br /><strong>Mankhöjd:</strong>&nbsp;ca 51</p>



<p class="has-white-background-color has-background wp-block-paragraph"><strong>Jaktprov: &nbsp; &nbsp;SE JCH</strong><br />Fält: &nbsp; &nbsp; &nbsp; &nbsp; &nbsp; &nbsp;&nbsp;1 Ukl<br />&nbsp;&nbsp;&nbsp;&nbsp;&nbsp;&nbsp;&nbsp;&nbsp;&nbsp;&nbsp;&nbsp;&nbsp;&nbsp;&nbsp;&nbsp;&nbsp;&nbsp;&nbsp;&nbsp;&nbsp;&nbsp;&nbsp;1 Ökl<br />&nbsp;&nbsp;&nbsp;&nbsp;&nbsp;&nbsp;&nbsp;&nbsp;&nbsp;&nbsp;&nbsp;&nbsp;&nbsp;&nbsp;&nbsp;&nbsp;&nbsp;&nbsp;&nbsp;&nbsp;&nbsp;3&#215;2 Ekl<br />&nbsp;&nbsp;&nbsp;&nbsp;&nbsp;&nbsp;&nbsp;&nbsp;&nbsp;&nbsp;&nbsp;&nbsp;&nbsp;&nbsp;&nbsp;&nbsp;&nbsp;&nbsp;&nbsp;&nbsp;&nbsp;3&#215;1 Ekl</p>



<p class="has-white-background-color has-background wp-block-paragraph">Skog: Medelhavscup och VM i Frankrike 2011<br />&nbsp;&nbsp;&nbsp;&nbsp;&nbsp;&nbsp;Excellent RCacit VM 2011 individuell 4-plac.<br />       I lagVM blev det en 5:e placering.<br />Fält:  Medelhavscup och VM i Kroatien 2013<br />&nbsp;&nbsp;&nbsp;&nbsp;&nbsp;&nbsp;Excellent Medelhavscupen i Kroatien 2013 individuell 6-plac.<br />Fält: &nbsp; Medelhavscup och VM i Italien 2014<br />&nbsp;&nbsp;&nbsp;&nbsp;&nbsp;4&#8217;Excellent Medelhavscupen i Italien 23/10 2014<br />      3 bon VM 25/10 2014<br />&nbsp;&nbsp;&nbsp;&nbsp;&nbsp;&nbsp;Silver i Lag VM 2014</p>



<p class="has-white-background-color has-background wp-block-paragraph"><strong>Utställning: &nbsp;SE UCH</strong><br />Junkl:&nbsp;&nbsp;&nbsp;&nbsp;&nbsp;&nbsp;&nbsp;&nbsp;&nbsp; &nbsp;&nbsp;1 Hp<br />Jaktkl:&nbsp;&nbsp;&nbsp;&nbsp;&nbsp;&nbsp;&nbsp;&nbsp;&nbsp; 4&#215;1/Excellent 3x&nbsp;CERT BIR &nbsp;1xCACIB &nbsp;BIS 3</p>



<p class="wp-block-paragraph"><a href="https://almkullens.se/wp-content/uploads/2014/10/Demi-Jaktprov.pdf">Jaktprovskritik på Elva</a><br /><a href="https://almkullens.se/?page_id=3713">Elvas Galleri</a>&nbsp;</p>



<p class="has-white-background-color has-background wp-block-paragraph">Elva var med i det svenska VM-laget i Frankrike 2011 som avgjordes på skog, hon kom på 4:e plats individuellt med ett Excellent och reserv CACIT. (en 2:a placering på en av dagarna)  I lagtävlingen blev det en 5:e placering.<br />Elva fick 3 kullar med totalt 16 valpar. Tre är jaktchampion och fyra är Utställningschampion (Två dubbelchampion) 12 av valparna har gått till pris, 10 av dem har fått 1 pris och 8 av dem är elithundar&#8230;<br />hennes valpar har sammanlagt 38 st 1 pris!!!! Och hennes barnbarn (90 i olika länder) har i skrivande stund 16 st 1 pris! <br />Elva erhöll 2017 SKK&#8217;s Bruksavelspris.</p>


<div class="wp-block-image">
<figure class="alignleft is-resized"><a href="https://almkullens.se/wp-content/uploads/2010/08/302.jpg" rel="lightbox[368]"><img loading="lazy" decoding="async" src="https://almkullens.se/wp-content/uploads/2010/08/302-300x200.jpg" alt="Pålamalmens Elva" class="wp-image-3108" width="492" height="328" srcset="https://almkullens.se/wp-content/uploads/2010/08/302-300x200.jpg 300w, https://almkullens.se/wp-content/uploads/2010/08/302-1024x682.jpg 1024w, https://almkullens.se/wp-content/uploads/2010/08/302.jpg 1200w" sizes="auto, (max-width: 492px) 100vw, 492px" /></a></figure>
</div>


<p class="has-white-background-color has-background wp-block-paragraph">Denna lilla fröken blev hämtad från Pålamalmens kennel en aprildag 2008, och var väldigt efterlängtad då vi varit på jakt efter en bretontik i nästan&nbsp;2 års tid. Men den som väntar på något gott&#8230;.</p>



<p class="has-white-background-color has-background wp-block-paragraph">Det har visat sig att hon är en mycket trevlig hund som funkar bra ihop med alla tänkbara hundar, katter, och gårdens andra djur.</p>



<p class="has-white-background-color has-background wp-block-paragraph">Att få varit med om att träna detta lilla paket från de första stapplande stegen med inkallning, till att få vara med om att ta det tredje 1:a priset i Ekl. på fält vid 2 år och 8 månaders ålder (klar SE JCH) har varit en sann glädje. Elva har endast startats 8 gånger i Sverige och gått till pris på samtliga.</p>


<div class="wp-block-image">
<figure class="alignright is-resized"><a href="https://almkullens.se/wp-content/uploads/2010/08/853.jpg" rel="lightbox[368]"><img loading="lazy" decoding="async" src="https://almkullens.se/wp-content/uploads/2010/08/853-300x200.jpg" alt="Pålamalmens Elva" class="wp-image-3109" width="546" height="364" srcset="https://almkullens.se/wp-content/uploads/2010/08/853-300x200.jpg 300w, https://almkullens.se/wp-content/uploads/2010/08/853-1024x682.jpg 1024w, https://almkullens.se/wp-content/uploads/2010/08/853.jpg 1200w" sizes="auto, (max-width: 546px) 100vw, 546px" /></a></figure>
</div>


<p class="has-white-background-color has-background wp-block-paragraph">Hon har redan från första början varit väldigt noga med att vara husse till lags och varit lätt att ha med att göra. Vi hade lite bakslag med apporteringen vid 7 månaders ålder men detta löste sig riktigt bra när hon bara fick vara hund några månader till&nbsp;och inte ha en ilsk husse som försökte få henne att apportera som han gjort med sina andra hundar. &nbsp;Elvas stora styrka som jag ser det är att hon verkligen vill var mig till lags och försöker in i det längsta att bevara mina mungipor högt och händerna i byxfickorna då vi går och njuter av hennes fantastiska sätt att ta sig an fält och fjäll med hög fart, riktigt bra reviering och enastående fågelbehandling.</p>


<div class="wp-block-image">
<figure class="alignleft"><a href="https://almkullens.se/wp-content/uploads/2010/08/Stamtavla-Pålamalmens-Elva.jpg" rel="lightbox[368]"><img loading="lazy" decoding="async" width="866" height="526" src="https://almkullens.se/wp-content/uploads/2010/08/Stamtavla-Pålamalmens-Elva.jpg" alt="Stamtavla Pålamalmens Elva" class="wp-image-4564" srcset="https://almkullens.se/wp-content/uploads/2010/08/Stamtavla-Pålamalmens-Elva.jpg 866w, https://almkullens.se/wp-content/uploads/2010/08/Stamtavla-Pålamalmens-Elva-300x182.jpg 300w" sizes="auto, (max-width: 866px) 100vw, 866px" /></a></figure>
</div>

<p>Pålamalmens Elva S22072/2008Far: Pasties De La Cour Des PerdrixMor: Elske Van &#8217;t GillishofFödd: 16/2 2008Död: 30/12 2015 efter olyckshändelseHD:&nbsp;BFärg:&nbsp;Vit &amp; Orange skimmelSvans:&nbsp;avsaknad av svansMankhöjd:&nbsp;ca 51 Jaktprov: &nbsp; &nbsp;SE JCHFält: &nbsp; &nbsp; &nbsp; &nbsp; &nbsp; &nbsp;&nbsp;1 Ukl&nbsp;&nbsp;&nbsp;&nbsp;&nbsp;&nbsp;&nbsp;&nbsp;&nbsp;&nbsp;&nbsp;&nbsp;&nbsp;&nbsp;&nbsp;&nbsp;&nbsp;&nbsp;&nbsp;&nbsp;&nbsp;&nbsp;1 Ökl&nbsp;&nbsp;&nbsp;&nbsp;&nbsp;&nbsp;&nbsp;&nbsp;&nbsp;&nbsp;&nbsp;&nbsp;&nbsp;&nbsp;&nbsp;&nbsp;&nbsp;&nbsp;&nbsp;&nbsp;&nbsp;3&#215;2 Ekl&nbsp;&nbsp;&nbsp;&nbsp;&nbsp;&nbsp;&nbsp;&nbsp;&nbsp;&nbsp;&nbsp;&nbsp;&nbsp;&nbsp;&nbsp;&nbsp;&nbsp;&nbsp;&nbsp;&nbsp;&nbsp;3&#215;1 Ekl Skog: Medelhavscup och VM i Frankrike 2011&nbsp;&nbsp;&nbsp;&nbsp;&nbsp;&nbsp;Excellent RCacit VM 2011 individuell 4-plac. I lagVM blev det [&hellip;]</p>

Publicerad 16 år sedan

Uppdaterad 4 år sedan
