{"id":24,"date":"2010-08-11T16:24:22","date_gmt":"2010-08-11T16:24:22","guid":{"rendered":"http:\/\/almkullens.se\/?page_id=24"},"modified":"2018-12-31T09:04:38","modified_gmt":"2018-12-31T08:04:38","slug":"nezzie","status":"publish","type":"page","link":"https:\/\/almkullens.se\/?page_id=24","title":{"rendered":"Nezzie"},"content":{"rendered":"\n<div class=\"wp-block-image\"><figure class=\"alignright\"><a href=\"https:\/\/almkullens.se\/wp-content\/uploads\/2014\/06\/364-2014_06_21-17_03_28-UTC.jpg\" rel=\"lightbox[24]\"><img loading=\"lazy\" decoding=\"async\" width=\"300\" height=\"200\" src=\"https:\/\/almkullens.se\/wp-content\/uploads\/2014\/06\/364-2014_06_21-17_03_28-UTC-300x200.jpg\" alt=\"364 (2014_06_21 17_03_28 UTC)\" class=\"wp-image-3601\" srcset=\"https:\/\/almkullens.se\/wp-content\/uploads\/2014\/06\/364-2014_06_21-17_03_28-UTC-300x200.jpg 300w, https:\/\/almkullens.se\/wp-content\/uploads\/2014\/06\/364-2014_06_21-17_03_28-UTC.jpg 1024w\" sizes=\"auto, (max-width: 300px) 100vw, 300px\" \/><\/a><\/figure><\/div>\n\n\n\n<p class=\"wp-block-paragraph\">Nezzie som egentligen heter Sally \u00e4r en Shetland sheepdog, som kom till oss sommaren 2001. Hon \u00e4r min dotter Martinas hund men bor f\u00f6r det mesta hos oss h\u00e4r i V\u00e4ne-ryr. Nezzie \u00e4r den som best\u00e4mmer bland djuren h\u00e4r och har emellan\u00e5t f\u00e5tt \u00f6knamnet polisen, f\u00f6r om n\u00e5gon br\u00e5kar eller leker h\u00e4r,&nbsp;katter, f\u00e5r eller hundar s\u00e5 g\u00e5r hon emellan och stoppar leken \u00f6gonab\u00f6j! Nezzie \u00e4r en pigg och glad dam som tycker att agility \u00e4r j\u00e4ttekul, hon har tillsammans med Martina vunnit ett par sm\u00e5t\u00e4vlingar, hon \u00e4r dock inte utst\u00e4lld n\u00e5gon g\u00e5ng eftersom \u00f6ronen vill st\u00e5 rakt upp! Hon har ocks\u00e5 varit med p\u00e5 fj\u00e4lljakten p\u00e5 Ripa, och fast\u00e4n s\u00f6ket \u00e4r r\u00e4tt litet, v\u00e4ldigt sn\u00e4vt faktiskt&#8230; s\u00e5 har vi skjutit en ripa f\u00f6r henne! Nezzie fick somna in 2014 pga cancer.<\/p>\n\n\n\n<div class=\"wp-block-image\"><figure class=\"alignleft\"><a href=\"https:\/\/almkullens.se\/wp-content\/uploads\/2010\/06\/Nezzie.jpg\" rel=\"lightbox[24]\"><img loading=\"lazy\" decoding=\"async\" width=\"300\" height=\"200\" src=\"https:\/\/almkullens.se\/wp-content\/uploads\/2010\/06\/Nezzie-300x200.jpg\" alt=\"Nezzie\" class=\"wp-image-320\" srcset=\"https:\/\/almkullens.se\/wp-content\/uploads\/2010\/06\/Nezzie-300x200.jpg 300w, https:\/\/almkullens.se\/wp-content\/uploads\/2010\/06\/Nezzie.jpg 900w\" sizes=\"auto, (max-width: 300px) 100vw, 300px\" \/><\/a><\/figure><\/div>\n","protected":false},"excerpt":{"rendered":"<p>Nezzie som egentligen heter Sally \u00e4r en Shetland sheepdog, som kom till oss sommaren 2001. Hon \u00e4r min dotter Martinas hund men bor f\u00f6r det mesta hos oss h\u00e4r i V\u00e4ne-ryr. Nezzie \u00e4r den som best\u00e4mmer bland djuren h\u00e4r och har emellan\u00e5t f\u00e5tt \u00f6knamnet polisen, f\u00f6r om n\u00e5gon br\u00e5kar eller leker h\u00e4r,&nbsp;katter, f\u00e5r eller hundar [&hellip;]<\/p>\n","protected":false},"author":1,"featured_media":0,"parent":0,"menu_order":0,"comment_status":"closed","ping_status":"open","template":"onecolumn-page.php","meta":{"_crdt_document":"","advgb_blocks_editor_width":"","advgb_blocks_columns_visual_guide":"","footnotes":""},"class_list":["post-24","page","type-page","status-publish","hentry","entry"],"coauthors":[],"author_meta":{"author_link":"https:\/\/almkullens.se\/?author=1","display_name":"Peter &amp; Johanna"},"relative_dates":{"created":"Publicerad 16 \u00e5r sedan","modified":"Uppdaterad 7 \u00e5r sedan"},"absolute_dates":{"created":"Publicerat den 11 augusti, 2010","modified":"Uppdaterad den 31 december, 2018"},"absolute_dates_time":{"created":"Publicerat den 11 augusti, 2010 16:24","modified":"Uppdaterad den 31 december, 2018 09:04"},"featured_img_caption":"","featured_img":false,"series_order":"","jetpack_sharing_enabled":true,"_links":{"self":[{"href":"https:\/\/almkullens.se\/index.php?rest_route=\/wp\/v2\/pages\/24","targetHints":{"allow":["GET"]}}],"collection":[{"href":"https:\/\/almkullens.se\/index.php?rest_route=\/wp\/v2\/pages"}],"about":[{"href":"https:\/\/almkullens.se\/index.php?rest_route=\/wp\/v2\/types\/page"}],"author":[{"embeddable":true,"href":"https:\/\/almkullens.se\/index.php?rest_route=\/wp\/v2\/users\/1"}],"replies":[{"embeddable":true,"href":"https:\/\/almkullens.se\/index.php?rest_route=%2Fwp%2Fv2%2Fcomments&post=24"}],"version-history":[{"count":10,"href":"https:\/\/almkullens.se\/index.php?rest_route=\/wp\/v2\/pages\/24\/revisions"}],"predecessor-version":[{"id":9017,"href":"https:\/\/almkullens.se\/index.php?rest_route=\/wp\/v2\/pages\/24\/revisions\/9017"}],"wp:attachment":[{"href":"https:\/\/almkullens.se\/index.php?rest_route=%2Fwp%2Fv2%2Fmedia&parent=24"}],"curies":[{"name":"wp","href":"https:\/\/api.w.org\/{rel}","templated":true}]}}