{"id":2259,"date":"2013-11-01T22:05:58","date_gmt":"2013-11-01T21:05:58","guid":{"rendered":"http:\/\/almkullens.se\/?page_id=2259"},"modified":"2022-05-26T14:39:12","modified_gmt":"2022-05-26T12:39:12","slug":"almkullens-demi","status":"publish","type":"page","link":"https:\/\/almkullens.se\/?page_id=2259","title":{"rendered":"J  Almkullens Demi"},"content":{"rendered":"<div class=\"wp-block-image\">\n<figure class=\"alignright is-resized\"><a href=\"https:\/\/almkullens.se\/wp-content\/uploads\/2014\/08\/IMG_7062.jpg\" rel=\"lightbox[2259]\"><img loading=\"lazy\" decoding=\"async\" src=\"https:\/\/almkullens.se\/wp-content\/uploads\/2014\/08\/IMG_7062-1024x682.jpg\" alt=\"Almkullens Demi\" class=\"wp-image-3981\" width=\"528\" height=\"352\" srcset=\"https:\/\/almkullens.se\/wp-content\/uploads\/2014\/08\/IMG_7062-1024x682.jpg 1024w, https:\/\/almkullens.se\/wp-content\/uploads\/2014\/08\/IMG_7062-300x199.jpg 300w, https:\/\/almkullens.se\/wp-content\/uploads\/2014\/08\/IMG_7062.jpg 2048w\" sizes=\"auto, (max-width: 528px) 100vw, 528px\" \/><\/a><figcaption><a href=\"https:\/\/almkullens.se\/wp-content\/uploads\/2014\/08\/IMG_7062.jpg\" rel=\"lightbox[2259]\"><\/a> Almkullens Demi<\/figcaption><\/figure>\n<\/div>\n\n\n<p class=\"has-white-background-color has-background wp-block-paragraph\"><span style=\"color: #000000;\">Demi har s\u00e5lts till Ove och Monica Svanberg p.g.a.  att hon har C-h\u00f6fter<\/span> <br \/><strong>Almkullens Demi<\/strong> SE31745\/2013 <br \/><strong>Far:<\/strong>  Fabian Du Vallon De La Rigaude<br \/><strong>Mor:<\/strong> Tors Riva<br \/><strong>F\u00f6dd:<\/strong> 2013-04-07<br \/><strong>FCI: HD<\/strong>: C<br \/><strong>OFA:<\/strong>\u00a0GOOD = HD-fri<br \/><strong>HQ:<\/strong> 0,94  <br \/><strong>F\u00e4rg:<\/strong>\u00a0Vit &amp; Svart skimmel<br \/><strong>Svans:<\/strong>\u00a0Avsaknad av svans<br \/><strong>Mankh\u00f6jd:<\/strong>\u00a0ca 49 cm<br \/><strong>Jaktprov: <\/strong>\u00a0 \u00a0 \u00a0 \u00a0 \u00a0 2014  <br \/>V\u00e5rprov F\u00e4lt:  1:a pris Ukl  <br \/>\u00a0 \u00a0 \u00a0 \u00a0   \u00a0 \u00a0 \u00a0 \u00a0 \u00a0 \u00a0   \u00a0 \u00a0 \u00a0 1:a pris Ukl\u00a0 <br \/>Fj\u00e4llprov:\u00a0 \u00a0 \u00a0 \u00a0   1:a pris Ukl  <br \/>H\u00f6st F\u00e4lt:\u00a0 \u00a0 \u00a0 \u00a0   1:a pris Ukl  <br \/>\u00a0 \u00a0 \u00a0 \u00a0   \u00a0 \u00a0  \u00a0  \u00a0   \u00a0 \u00a0 \u00a0 \u00a0 \u00a0  1:a pris Ukl <br \/>\u00a0 \u00a0 \u00a0 \u00a0   \u00a0 \u00a0  \u00a0 \u00a0 \u00a0 \u00a0 \u00a0 \u00a0   \u00a0  \u00a03 pris \u00d6kl<br \/>2017\u00a0 \u00a0 \u00a0 \u00a0   \u00a0\u00a0 \u00a0 \u00a0   \u00a0\u00a0 1:a pris \u00d6kl<br \/>Fj\u00e4ll: 2022\u00a0 \u00a0\u00a0\u00a0\u00a0 3 pris Ekl<br \/>\u00c5rets Breton Unghund 2014 <br \/><strong>Utst\u00e4llning: <\/strong>    <br \/>Jaktklass:\u00a0 \u00a0 \u00a0 \u00a0 Very Good <\/p>\n\n\n<div class=\"wp-block-image\">\n<figure class=\"alignleft is-resized\"><a href=\"https:\/\/almkullens.se\/wp-content\/uploads\/2014\/04\/489.jpg\" rel=\"lightbox[2259]\"><img loading=\"lazy\" decoding=\"async\" src=\"https:\/\/almkullens.se\/wp-content\/uploads\/2014\/04\/489-1024x682.jpg\" alt=\"Almkullens Demi\" class=\"wp-image-3148\" width=\"407\" height=\"271\" srcset=\"https:\/\/almkullens.se\/wp-content\/uploads\/2014\/04\/489-1024x682.jpg 1024w, https:\/\/almkullens.se\/wp-content\/uploads\/2014\/04\/489-300x200.jpg 300w, https:\/\/almkullens.se\/wp-content\/uploads\/2014\/04\/489.jpg 1200w\" sizes=\"auto, (max-width: 407px) 100vw, 407px\" \/><\/a><figcaption><a href=\"https:\/\/almkullens.se\/wp-content\/uploads\/2014\/04\/489.jpg\" rel=\"lightbox[2259]\"><\/a> Duktiga Demi!<\/figcaption><\/figure>\n<\/div>\n\n\n<p class=\"has-white-background-color has-background wp-block-paragraph\"><span style=\"color: #000000;\">Demi \u00e4r fr\u00e5n v\u00e5r egen uppf\u00f6dning, och hon \u00e4r nog den vassaste unghunden som vi har haft s\u00e5 det skall bli mycket sp\u00e4nnande att att f\u00f6lja henne!<\/span><\/p>\n\n\n\n<p class=\"has-white-background-color has-background wp-block-paragraph\"><span style=\"color: #000000;\">Det \u00e4r ett rent n\u00f6je att titta p\u00e5 henne n\u00e4r hon springer p\u00e5 f\u00e4lten, vilken fart och energi!<\/span><\/p>\n\n\n\n<p class=\"has-white-background-color has-background wp-block-paragraph\"><span style=\"color: #000000;\">Demi \u00e4r en riktigt h\u00e4rlig hund som &#8221;pratar&#8221; mycket med oss, oftast med n\u00e5got i munnen s\u00e5 g\u00e5r hon runt oss och kr\u00e5mar sig och knorrar.<\/span><\/p>\n\n\n\n<p class=\"has-white-background-color has-background wp-block-paragraph\"><span style=\"color: #000000;\">Demi \u00e4r lugn och mysig inomhus och vill g\u00e4rna ligga i kn\u00e4t och bli klappad,<\/span><br \/><span style=\"color: #000000;\"> utomhus d\u00e4remot \u00e4r hon lite av en krutdurk som bara v\u00e4ntar p\u00e5 att brisera, ger man henne fria tyglar, &nbsp;ja, d\u00e5 \u00e4r det full rulle som g\u00e4ller!<\/span><\/p>\n\n\n\n<p class=\"wp-block-paragraph\"><a href=\"https:\/\/almkullens.se\/?page_id=3845\">Galleri: Almkullens Demi<\/a><\/p>\n\n\n\n<figure class=\"wp-block-image\"><a href=\"https:\/\/almkullens.se\/wp-content\/uploads\/2013\/11\/Sk\u00e4rmklipp1.jpg\" rel=\"lightbox[2259]\"><img loading=\"lazy\" decoding=\"async\" width=\"949\" height=\"585\" src=\"https:\/\/almkullens.se\/wp-content\/uploads\/2013\/11\/Sk\u00e4rmklipp1.jpg\" alt=\"Sk\u00e4rmklipp\" class=\"wp-image-3363\" srcset=\"https:\/\/almkullens.se\/wp-content\/uploads\/2013\/11\/Sk\u00e4rmklipp1.jpg 949w, https:\/\/almkullens.se\/wp-content\/uploads\/2013\/11\/Sk\u00e4rmklipp1-300x184.jpg 300w\" sizes=\"auto, (max-width: 949px) 100vw, 949px\" \/><\/a><\/figure>\n\n\n\n<p class=\"has-white-background-color has-background wp-block-paragraph\"><a href=\"http:\/\/www.youtube.com\/watch?v=JfKWvTba9wg\">H\u00e4r<\/a> \u00e4r ett youtubeklipp med henne!<\/p>\n","protected":false},"excerpt":{"rendered":"<p>Demi har s\u00e5lts till Ove och Monica Svanberg p.g.a. att hon har C-h\u00f6fter Almkullens Demi SE31745\/2013 Far: Fabian Du Vallon De La RigaudeMor: Tors RivaF\u00f6dd: 2013-04-07FCI: HD: COFA:\u00a0GOOD = HD-friHQ: 0,94 F\u00e4rg:\u00a0Vit &amp; Svart skimmelSvans:\u00a0Avsaknad av svansMankh\u00f6jd:\u00a0ca 49 cmJaktprov: \u00a0 \u00a0 \u00a0 \u00a0 \u00a0 2014 V\u00e5rprov F\u00e4lt: 1:a pris Ukl \u00a0 \u00a0 \u00a0 \u00a0 \u00a0 [&hellip;]<\/p>\n","protected":false},"author":1,"featured_media":0,"parent":0,"menu_order":0,"comment_status":"open","ping_status":"open","template":"onecolumn-page.php","meta":{"_crdt_document":"","advgb_blocks_editor_width":"","advgb_blocks_columns_visual_guide":"","footnotes":""},"class_list":["post-2259","page","type-page","status-publish","hentry","entry"],"coauthors":[],"author_meta":{"author_link":"https:\/\/almkullens.se\/?author=1","display_name":"Peter &amp; Johanna"},"relative_dates":{"created":"Publicerad 12 \u00e5r sedan","modified":"Uppdaterad 4 \u00e5r sedan"},"absolute_dates":{"created":"Publicerat den 1 november, 2013","modified":"Uppdaterad den 26 maj, 2022"},"absolute_dates_time":{"created":"Publicerat den 1 november, 2013 22:05","modified":"Uppdaterad den 26 maj, 2022 14:39"},"featured_img_caption":"","featured_img":false,"series_order":"","jetpack_sharing_enabled":true,"_links":{"self":[{"href":"https:\/\/almkullens.se\/index.php?rest_route=\/wp\/v2\/pages\/2259","targetHints":{"allow":["GET"]}}],"collection":[{"href":"https:\/\/almkullens.se\/index.php?rest_route=\/wp\/v2\/pages"}],"about":[{"href":"https:\/\/almkullens.se\/index.php?rest_route=\/wp\/v2\/types\/page"}],"author":[{"embeddable":true,"href":"https:\/\/almkullens.se\/index.php?rest_route=\/wp\/v2\/users\/1"}],"replies":[{"embeddable":true,"href":"https:\/\/almkullens.se\/index.php?rest_route=%2Fwp%2Fv2%2Fcomments&post=2259"}],"version-history":[{"count":41,"href":"https:\/\/almkullens.se\/index.php?rest_route=\/wp\/v2\/pages\/2259\/revisions"}],"predecessor-version":[{"id":11341,"href":"https:\/\/almkullens.se\/index.php?rest_route=\/wp\/v2\/pages\/2259\/revisions\/11341"}],"wp:attachment":[{"href":"https:\/\/almkullens.se\/index.php?rest_route=%2Fwp%2Fv2%2Fmedia&parent=2259"}],"curies":[{"name":"wp","href":"https:\/\/api.w.org\/{rel}","templated":true}]}}

<div class="wp-block-image">
<figure class="alignright is-resized"><a href="https://almkullens.se/wp-content/uploads/2014/08/IMG_7062.jpg" rel="lightbox[2259]"><img loading="lazy" decoding="async" src="https://almkullens.se/wp-content/uploads/2014/08/IMG_7062-1024x682.jpg" alt="Almkullens Demi" class="wp-image-3981" width="528" height="352" srcset="https://almkullens.se/wp-content/uploads/2014/08/IMG_7062-1024x682.jpg 1024w, https://almkullens.se/wp-content/uploads/2014/08/IMG_7062-300x199.jpg 300w, https://almkullens.se/wp-content/uploads/2014/08/IMG_7062.jpg 2048w" sizes="auto, (max-width: 528px) 100vw, 528px" /></a><figcaption><a href="https://almkullens.se/wp-content/uploads/2014/08/IMG_7062.jpg" rel="lightbox[2259]"></a> Almkullens Demi</figcaption></figure>
</div>


<p class="has-white-background-color has-background wp-block-paragraph"><span style="color: #000000;">Demi har sålts till Ove och Monica Svanberg p.g.a.  att hon har C-höfter</span> <br /><strong>Almkullens Demi</strong> SE31745/2013 <br /><strong>Far:</strong>  Fabian Du Vallon De La Rigaude<br /><strong>Mor:</strong> Tors Riva<br /><strong>Född:</strong> 2013-04-07<br /><strong>FCI: HD</strong>: C<br /><strong>OFA:</strong> GOOD = HD-fri<br /><strong>HQ:</strong> 0,94  <br /><strong>Färg:</strong> Vit &amp; Svart skimmel<br /><strong>Svans:</strong> Avsaknad av svans<br /><strong>Mankhöjd:</strong> ca 49 cm<br /><strong>Jaktprov: </strong>          2014  <br />Vårprov Fält:  1:a pris Ukl  <br />                              1:a pris Ukl  <br />Fjällprov:          1:a pris Ukl  <br />Höst Fält:          1:a pris Ukl  <br />                                 1:a pris Ukl <br />                                 3 pris Ökl<br />2017                      1:a pris Ökl<br />Fjäll: 2022       3 pris Ekl<br />Årets Breton Unghund 2014 <br /><strong>Utställning: </strong>    <br />Jaktklass:        Very Good </p>


<div class="wp-block-image">
<figure class="alignleft is-resized"><a href="https://almkullens.se/wp-content/uploads/2014/04/489.jpg" rel="lightbox[2259]"><img loading="lazy" decoding="async" src="https://almkullens.se/wp-content/uploads/2014/04/489-1024x682.jpg" alt="Almkullens Demi" class="wp-image-3148" width="407" height="271" srcset="https://almkullens.se/wp-content/uploads/2014/04/489-1024x682.jpg 1024w, https://almkullens.se/wp-content/uploads/2014/04/489-300x200.jpg 300w, https://almkullens.se/wp-content/uploads/2014/04/489.jpg 1200w" sizes="auto, (max-width: 407px) 100vw, 407px" /></a><figcaption><a href="https://almkullens.se/wp-content/uploads/2014/04/489.jpg" rel="lightbox[2259]"></a> Duktiga Demi!</figcaption></figure>
</div>


<p class="has-white-background-color has-background wp-block-paragraph"><span style="color: #000000;">Demi är från vår egen uppfödning, och hon är nog den vassaste unghunden som vi har haft så det skall bli mycket spännande att att följa henne!</span></p>



<p class="has-white-background-color has-background wp-block-paragraph"><span style="color: #000000;">Det är ett rent nöje att titta på henne när hon springer på fälten, vilken fart och energi!</span></p>



<p class="has-white-background-color has-background wp-block-paragraph"><span style="color: #000000;">Demi är en riktigt härlig hund som &#8221;pratar&#8221; mycket med oss, oftast med något i munnen så går hon runt oss och kråmar sig och knorrar.</span></p>



<p class="has-white-background-color has-background wp-block-paragraph"><span style="color: #000000;">Demi är lugn och mysig inomhus och vill gärna ligga i knät och bli klappad,</span><br /><span style="color: #000000;"> utomhus däremot är hon lite av en krutdurk som bara väntar på att brisera, ger man henne fria tyglar, &nbsp;ja, då är det full rulle som gäller!</span></p>



<p class="wp-block-paragraph"><a href="https://almkullens.se/?page_id=3845">Galleri: Almkullens Demi</a></p>



<figure class="wp-block-image"><a href="https://almkullens.se/wp-content/uploads/2013/11/Skärmklipp1.jpg" rel="lightbox[2259]"><img loading="lazy" decoding="async" width="949" height="585" src="https://almkullens.se/wp-content/uploads/2013/11/Skärmklipp1.jpg" alt="Skärmklipp" class="wp-image-3363" srcset="https://almkullens.se/wp-content/uploads/2013/11/Skärmklipp1.jpg 949w, https://almkullens.se/wp-content/uploads/2013/11/Skärmklipp1-300x184.jpg 300w" sizes="auto, (max-width: 949px) 100vw, 949px" /></a></figure>



<p class="has-white-background-color has-background wp-block-paragraph"><a href="http://www.youtube.com/watch?v=JfKWvTba9wg">Här</a> är ett youtubeklipp med henne!</p>

<p>Demi har sålts till Ove och Monica Svanberg p.g.a. att hon har C-höfter Almkullens Demi SE31745/2013 Far: Fabian Du Vallon De La RigaudeMor: Tors RivaFödd: 2013-04-07FCI: HD: COFA: GOOD = HD-friHQ: 0,94 Färg: Vit &amp; Svart skimmelSvans: Avsaknad av svansMankhöjd: ca 49 cmJaktprov:           2014 Vårprov Fält: 1:a pris Ukl           [&hellip;]</p>

Publicerad 12 år sedan

Uppdaterad 4 år sedan
