{"id":2,"date":"2010-06-13T15:25:57","date_gmt":"2010-06-13T15:25:57","guid":{"rendered":"http:\/\/almkullens.se\/?page_id=2"},"modified":"2025-05-11T08:17:15","modified_gmt":"2025-05-11T06:17:15","slug":"om","status":"publish","type":"page","link":"https:\/\/almkullens.se\/?page_id=2","title":{"rendered":"Om oss"},"content":{"rendered":"\n<p class=\"wp-block-paragraph\">V\u00e4lkommen till Almkullens kennel!<\/p>\n\n\n<div class=\"wp-block-image\">\n<figure class=\"alignright is-resized\"><a href=\"https:\/\/almkullens.se\/wp-content\/uploads\/2016\/09\/1208.jpg\" rel=\"lightbox[2]\"><img loading=\"lazy\" decoding=\"async\" width=\"1024\" height=\"683\" src=\"https:\/\/almkullens.se\/wp-content\/uploads\/2016\/09\/1208-1024x683.jpg\" alt=\"\" class=\"wp-image-7339\" style=\"width:484px;height:323px\" srcset=\"https:\/\/almkullens.se\/wp-content\/uploads\/2016\/09\/1208-1024x683.jpg 1024w, https:\/\/almkullens.se\/wp-content\/uploads\/2016\/09\/1208-300x200.jpg 300w, https:\/\/almkullens.se\/wp-content\/uploads\/2016\/09\/1208-768x512.jpg 768w, https:\/\/almkullens.se\/wp-content\/uploads\/2016\/09\/1208.jpg 1800w\" sizes=\"auto, (max-width: 1024px) 100vw, 1024px\" \/><\/a><\/figure>\n<\/div>\n\n\n<p class=\"has-white-background-color has-background wp-block-paragraph\">Vi, det \u00e4r Peter Nilsson och Johanna Olofsson, vi bor p\u00e5 en liten g\u00e5rd i V\u00e4ne-ryr, V\u00e4nersborg, tillsammans med tre hundar och en katt,\u00a0n\u00e5gra h\u00f6nor och ett g\u00e4ng fasaner. N\u00e4r vi tr\u00e4ffades hade Peter tv\u00e5 Str\u00e4vh\u00e5riga Vorsteh, Rappe (Landinarnas Adam) och Landinarnas Edvin. Jag hade en Labrador, Fit For Fight`s Bombi\u00a0och min dotters Shetland sheepdog Nezzie.\u00a0Bombi gick tyv\u00e4rr bort julen 2006, 13 \u00e5r gammal.\u00a08 m\u00e5n senare gick \u00e4ven Rappe bort. Nu\u00a0s\u00e5\u00a0b\u00f6rjade vi fundera p\u00e5 att k\u00f6pa en ny valp. F\u00f6r Peter var det sj\u00e4lvklart med en st\u00e5ende f\u00e5gelhund och f\u00f6r mig som sprungit efter honom\u00a0p\u00e5 f\u00e4lt och fj\u00e4ll med Nezzie tyckte att det\u00a0skulle bli mer givande om jag ocks\u00e5 hade en f\u00e5gelhund. (Nezzie \u00e4r duktig p\u00e5 mycket men hon st\u00e5r inte f\u00f6r f\u00e5gel&#8230; \u00a0men vi har skjutit ripa f\u00f6r henne!)\u00a0Jag ville ha en mindre hund\u00a0\u00e4n en Vorsteh och Peter f\u00f6reslog d\u00e5 att vi kanske kunde titta p\u00e5 rasen\u00a0Breton. Det blev startskottet f\u00f6r flera m\u00e5naders s\u00f6kande efter valpar, d\u00e4r vi till slut k\u00f6pte b\u00e5da v\u00e5ra valpar fr\u00e5n\/genom Marina Bengtsson p\u00e5 P\u00e5lamalmens kennel. Peter ville g\u00e4rna ha en valp efter Marinas hanne Pasties och Marina hade precis l\u00e5nat hem en tik, Elske fr\u00e5n Holland, dom fick valpar i feb 08\u00a0och\u00a0i den parningen fick\u00a0Peter k\u00f6pa\u00a0sin valp, Elva! Jag var i min tur v\u00e4ldigt f\u00f6rtjust i hennes andra Bretonhanne Panter (Rex)\u00a0 som i maj 08 fick valpar med Jerker Svenssons (Tors kennel)\u00a0tik Bina. D\u00e4r hade jag lyckan att f\u00e5 k\u00f6pa min lilla valp Riva!<\/p>\n\n\n<div class=\"wp-block-image\">\n<figure class=\"alignleft size-large\"><img loading=\"lazy\" decoding=\"async\" width=\"1024\" height=\"683\" src=\"https:\/\/almkullens.se\/wp-content\/uploads\/2022\/01\/20211017_123518-1-1024x683.jpg\" alt=\"\" class=\"wp-image-11193\" srcset=\"https:\/\/almkullens.se\/wp-content\/uploads\/2022\/01\/20211017_123518-1-1024x683.jpg 1024w, https:\/\/almkullens.se\/wp-content\/uploads\/2022\/01\/20211017_123518-1-300x200.jpg 300w, https:\/\/almkullens.se\/wp-content\/uploads\/2022\/01\/20211017_123518-1-768x512.jpg 768w, https:\/\/almkullens.se\/wp-content\/uploads\/2022\/01\/20211017_123518-1-1536x1024.jpg 1536w, https:\/\/almkullens.se\/wp-content\/uploads\/2022\/01\/20211017_123518-1.jpg 1800w\" sizes=\"auto, (max-width: 1024px) 100vw, 1024px\" \/><\/figure>\n<\/div>\n\n\n<p class=\"has-white-background-color has-background wp-block-paragraph\"><span class=\"tadv-background-color\" style=\"background-color:#ffffff\">Idag \u00e4r tyv\u00e4rr varken Edvin, Nezzie, Elva,<span class=\"tadv-background-color\" style=\"background-color:#ffffff\"> <\/span><\/span>Riva eller Aska <span class=\"tadv-background-color\" style=\"background-color:#ffffff\">kvar hos oss, men vi har <\/span>tre<span class=\"tadv-background-color\" style=\"background-color:#ffffff\">&nbsp;medlemmar i familjen, Elvas dotter Fia, Askas dotter Hexa<\/span> och Hexas dotter Kassie som ocks\u00e5 Riva \u00e4r farmorsmor till.<\/p>\n","protected":false},"excerpt":{"rendered":"<p>V\u00e4lkommen till Almkullens kennel! Vi, det \u00e4r Peter Nilsson och Johanna Olofsson, vi bor p\u00e5 en liten g\u00e5rd i V\u00e4ne-ryr, V\u00e4nersborg, tillsammans med tre hundar och en katt,\u00a0n\u00e5gra h\u00f6nor och ett g\u00e4ng fasaner. N\u00e4r vi tr\u00e4ffades hade Peter tv\u00e5 Str\u00e4vh\u00e5riga Vorsteh, Rappe (Landinarnas Adam) och Landinarnas Edvin. Jag hade en Labrador, Fit For Fight`s Bombi\u00a0och [&hellip;]<\/p>\n","protected":false},"author":1,"featured_media":0,"parent":0,"menu_order":0,"comment_status":"open","ping_status":"open","template":"","meta":{"_crdt_document":"","advgb_blocks_editor_width":"","advgb_blocks_columns_visual_guide":"","footnotes":""},"class_list":["post-2","page","type-page","status-publish","hentry","entry"],"coauthors":[],"author_meta":{"author_link":"https:\/\/almkullens.se\/?author=1","display_name":"Peter &amp; Johanna"},"relative_dates":{"created":"Publicerad 16 \u00e5r sedan","modified":"Uppdaterad 12 m\u00e5nader sedan"},"absolute_dates":{"created":"Publicerat den 13 juni, 2010","modified":"Uppdaterad den 11 maj, 2025"},"absolute_dates_time":{"created":"Publicerat den 13 juni, 2010 15:25","modified":"Uppdaterad den 11 maj, 2025 08:17"},"featured_img_caption":"","featured_img":false,"series_order":"","jetpack_sharing_enabled":true,"_links":{"self":[{"href":"https:\/\/almkullens.se\/index.php?rest_route=\/wp\/v2\/pages\/2","targetHints":{"allow":["GET"]}}],"collection":[{"href":"https:\/\/almkullens.se\/index.php?rest_route=\/wp\/v2\/pages"}],"about":[{"href":"https:\/\/almkullens.se\/index.php?rest_route=\/wp\/v2\/types\/page"}],"author":[{"embeddable":true,"href":"https:\/\/almkullens.se\/index.php?rest_route=\/wp\/v2\/users\/1"}],"replies":[{"embeddable":true,"href":"https:\/\/almkullens.se\/index.php?rest_route=%2Fwp%2Fv2%2Fcomments&post=2"}],"version-history":[{"count":35,"href":"https:\/\/almkullens.se\/index.php?rest_route=\/wp\/v2\/pages\/2\/revisions"}],"predecessor-version":[{"id":12803,"href":"https:\/\/almkullens.se\/index.php?rest_route=\/wp\/v2\/pages\/2\/revisions\/12803"}],"wp:attachment":[{"href":"https:\/\/almkullens.se\/index.php?rest_route=%2Fwp%2Fv2%2Fmedia&parent=2"}],"curies":[{"name":"wp","href":"https:\/\/api.w.org\/{rel}","templated":true}]}}

<p class="wp-block-paragraph">Välkommen till Almkullens kennel!</p>


<div class="wp-block-image">
<figure class="alignright is-resized"><a href="https://almkullens.se/wp-content/uploads/2016/09/1208.jpg" rel="lightbox[2]"><img loading="lazy" decoding="async" width="1024" height="683" src="https://almkullens.se/wp-content/uploads/2016/09/1208-1024x683.jpg" alt="" class="wp-image-7339" style="width:484px;height:323px" srcset="https://almkullens.se/wp-content/uploads/2016/09/1208-1024x683.jpg 1024w, https://almkullens.se/wp-content/uploads/2016/09/1208-300x200.jpg 300w, https://almkullens.se/wp-content/uploads/2016/09/1208-768x512.jpg 768w, https://almkullens.se/wp-content/uploads/2016/09/1208.jpg 1800w" sizes="auto, (max-width: 1024px) 100vw, 1024px" /></a></figure>
</div>


<p class="has-white-background-color has-background wp-block-paragraph">Vi, det är Peter Nilsson och Johanna Olofsson, vi bor på en liten gård i Väne-ryr, Vänersborg, tillsammans med tre hundar och en katt, några hönor och ett gäng fasaner. När vi träffades hade Peter två Strävhåriga Vorsteh, Rappe (Landinarnas Adam) och Landinarnas Edvin. Jag hade en Labrador, Fit For Fight`s Bombi och min dotters Shetland sheepdog Nezzie. Bombi gick tyvärr bort julen 2006, 13 år gammal. 8 mån senare gick även Rappe bort. Nu så började vi fundera på att köpa en ny valp. För Peter var det självklart med en stående fågelhund och för mig som sprungit efter honom på fält och fjäll med Nezzie tyckte att det skulle bli mer givande om jag också hade en fågelhund. (Nezzie är duktig på mycket men hon står inte för fågel&#8230;  men vi har skjutit ripa för henne!) Jag ville ha en mindre hund än en Vorsteh och Peter föreslog då att vi kanske kunde titta på rasen Breton. Det blev startskottet för flera månaders sökande efter valpar, där vi till slut köpte båda våra valpar från/genom Marina Bengtsson på Pålamalmens kennel. Peter ville gärna ha en valp efter Marinas hanne Pasties och Marina hade precis lånat hem en tik, Elske från Holland, dom fick valpar i feb 08 och i den parningen fick Peter köpa sin valp, Elva! Jag var i min tur väldigt förtjust i hennes andra Bretonhanne Panter (Rex)  som i maj 08 fick valpar med Jerker Svenssons (Tors kennel) tik Bina. Där hade jag lyckan att få köpa min lilla valp Riva!</p>


<div class="wp-block-image">
<figure class="alignleft size-large"><img loading="lazy" decoding="async" width="1024" height="683" src="https://almkullens.se/wp-content/uploads/2022/01/20211017_123518-1-1024x683.jpg" alt="" class="wp-image-11193" srcset="https://almkullens.se/wp-content/uploads/2022/01/20211017_123518-1-1024x683.jpg 1024w, https://almkullens.se/wp-content/uploads/2022/01/20211017_123518-1-300x200.jpg 300w, https://almkullens.se/wp-content/uploads/2022/01/20211017_123518-1-768x512.jpg 768w, https://almkullens.se/wp-content/uploads/2022/01/20211017_123518-1-1536x1024.jpg 1536w, https://almkullens.se/wp-content/uploads/2022/01/20211017_123518-1.jpg 1800w" sizes="auto, (max-width: 1024px) 100vw, 1024px" /></figure>
</div>


<p class="has-white-background-color has-background wp-block-paragraph"><span class="tadv-background-color" style="background-color:#ffffff">Idag är tyvärr varken Edvin, Nezzie, Elva,<span class="tadv-background-color" style="background-color:#ffffff"> </span></span>Riva eller Aska <span class="tadv-background-color" style="background-color:#ffffff">kvar hos oss, men vi har </span>tre<span class="tadv-background-color" style="background-color:#ffffff">&nbsp;medlemmar i familjen, Elvas dotter Fia, Askas dotter Hexa</span> och Hexas dotter Kassie som också Riva är farmorsmor till.</p>

<p>Välkommen till Almkullens kennel! Vi, det är Peter Nilsson och Johanna Olofsson, vi bor på en liten gård i Väne-ryr, Vänersborg, tillsammans med tre hundar och en katt, några hönor och ett gäng fasaner. När vi träffades hade Peter två Strävhåriga Vorsteh, Rappe (Landinarnas Adam) och Landinarnas Edvin. Jag hade en Labrador, Fit For Fight`s Bombi och [&hellip;]</p>

Publicerad 16 år sedan

Uppdaterad 12 månader sedan
