{"id":11980,"date":"2022-12-18T07:50:10","date_gmt":"2022-12-18T06:50:10","guid":{"rendered":"https:\/\/almkullens.se\/?page_id=11980"},"modified":"2023-10-15T11:08:15","modified_gmt":"2023-10-15T09:08:15","slug":"almkullens-lyra","status":"publish","type":"page","link":"https:\/\/almkullens.se\/?page_id=11980","title":{"rendered":"Almkullens Lyra"},"content":{"rendered":"\n<div class=\"wp-block-media-text alignwide has-media-on-the-right is-stacked-on-mobile has-white-background-color has-background\"><div class=\"wp-block-media-text__content\">\n<p class=\"wp-block-paragraph\"><strong>Almkullens Lyra<\/strong> <a href=\"javascript:__doPostBack('ctl00$bodyContent$ctl00$ctl31','')\">SE47417\/2022<\/a><br \/><strong>Far:<\/strong>\u00a0Kamvatnet\u2019s Fant<br \/><strong>Mor:<\/strong>\u00a0Almkullens Fia<br \/><strong>F\u00f6dd:<\/strong>\u00a017\/7 2022<br \/><strong>HD:<\/strong>\u00a0<br \/><strong>F\u00e4rg:<\/strong>\u00a0Vit &amp; Orange skimmel<br \/><strong>Svans:<\/strong>\u00a0stubbsvans<br \/><strong>Mankh\u00f6jd:<\/strong>\u00a044-45 cm<br \/><a href=\"https:\/\/almkullens.se\/?page_id=11778\">Galleri: Almkullens Lyra<\/a><\/p>\n<\/div><figure class=\"wp-block-media-text__media\"><img loading=\"lazy\" decoding=\"async\" width=\"1024\" height=\"768\" src=\"https:\/\/almkullens.se\/wp-content\/uploads\/2022\/12\/881-1024x768.jpg\" alt=\"\" class=\"wp-image-11977 size-full\" srcset=\"https:\/\/almkullens.se\/wp-content\/uploads\/2022\/12\/881-1024x768.jpg 1024w, https:\/\/almkullens.se\/wp-content\/uploads\/2022\/12\/881-300x225.jpg 300w, https:\/\/almkullens.se\/wp-content\/uploads\/2022\/12\/881-768x576.jpg 768w, https:\/\/almkullens.se\/wp-content\/uploads\/2022\/12\/881-1536x1152.jpg 1536w, https:\/\/almkullens.se\/wp-content\/uploads\/2022\/12\/881.jpg 1600w\" sizes=\"auto, (max-width: 1024px) 100vw, 1024px\" \/><\/figure><\/div>\n\n\n\n<div class=\"wp-block-media-text alignwide is-stacked-on-mobile has-white-background-color has-background\"><figure class=\"wp-block-media-text__media\"><img loading=\"lazy\" decoding=\"async\" width=\"1024\" height=\"683\" src=\"https:\/\/almkullens.se\/wp-content\/uploads\/2022\/12\/450-1024x683.jpg\" alt=\"\" class=\"wp-image-11975 size-full\" srcset=\"https:\/\/almkullens.se\/wp-content\/uploads\/2022\/12\/450-1024x683.jpg 1024w, https:\/\/almkullens.se\/wp-content\/uploads\/2022\/12\/450-300x200.jpg 300w, https:\/\/almkullens.se\/wp-content\/uploads\/2022\/12\/450-768x512.jpg 768w, https:\/\/almkullens.se\/wp-content\/uploads\/2022\/12\/450-1536x1024.jpg 1536w, https:\/\/almkullens.se\/wp-content\/uploads\/2022\/12\/450.jpg 1800w\" sizes=\"auto, (max-width: 1024px) 100vw, 1024px\" \/><\/figure><div class=\"wp-block-media-text__content\">\n<p class=\"wp-block-paragraph\"><br \/>Lyra s\u00e5ldes n\u00e4r hon var drygt ett \u00e5r till Armi och Bj\u00f6rn som bor i stockholm vi hoppas att de kommer att trivas bra ihop och att ni i Lyra ocks\u00e5 har f\u00e5tt en v\u00e4l fungerande st\u00e5ende f\u00e5gelhund. <br \/>Lyra s\u00e5ldes p.g.a. att hon var alldeles f\u00f6r liten, ca 44-45 cm.<br \/>Lilla Lyra \u00e4r ett litet krutpaket, hon springer lika fort som en normalstor breton, vi hann med att tr\u00e4na henne p\u00e5 f\u00e5gel och det sk\u00f6tte hon bra, hon st\u00e5r, reser och \u00e4r n\u00e5gorlunda lugn n\u00e4r f\u00e5glarna g\u00e5r upp.<br \/>Lyra och Kassie de hade verkligen roligt ihop, vad de kunde h\u00e5lla p\u00e5 och leka \u2764\ufe0f! Lyra \u00e4r en j\u00e4ttetrevlig och mysig breton, hon kommer att vara saknad\u2764\ufe0f<\/p>\n<\/div><\/div>\n\n\n\n<figure class=\"wp-block-image size-full\"><a href=\"https:\/\/almkullens.se\/wp-content\/uploads\/2022\/05\/Stamtavla-L-kullen.png\" rel=\"lightbox[11980]\"><img loading=\"lazy\" decoding=\"async\" width=\"1015\" height=\"725\" src=\"https:\/\/almkullens.se\/wp-content\/uploads\/2022\/05\/Stamtavla-L-kullen.png\" alt=\"\" class=\"wp-image-11308\" srcset=\"https:\/\/almkullens.se\/wp-content\/uploads\/2022\/05\/Stamtavla-L-kullen.png 1015w, https:\/\/almkullens.se\/wp-content\/uploads\/2022\/05\/Stamtavla-L-kullen-300x214.png 300w, https:\/\/almkullens.se\/wp-content\/uploads\/2022\/05\/Stamtavla-L-kullen-768x549.png 768w\" sizes=\"auto, (max-width: 1015px) 100vw, 1015px\" \/><\/a><\/figure>\n","protected":false},"excerpt":{"rendered":"<p>Almkullens Lyra SE47417\/2022Far:\u00a0Kamvatnet\u2019s FantMor:\u00a0Almkullens FiaF\u00f6dd:\u00a017\/7 2022HD:\u00a0F\u00e4rg:\u00a0Vit &amp; Orange skimmelSvans:\u00a0stubbsvansMankh\u00f6jd:\u00a044-45 cmGalleri: Almkullens Lyra Lyra s\u00e5ldes n\u00e4r hon var drygt ett \u00e5r till Armi och Bj\u00f6rn som bor i stockholm vi hoppas att de kommer att trivas bra ihop och att ni i Lyra ocks\u00e5 har f\u00e5tt en v\u00e4l fungerande st\u00e5ende f\u00e5gelhund. Lyra s\u00e5ldes p.g.a. att hon [&hellip;]<\/p>\n","protected":false},"author":1,"featured_media":0,"parent":0,"menu_order":0,"comment_status":"closed","ping_status":"closed","template":"","meta":{"_crdt_document":"","advgb_blocks_editor_width":"","advgb_blocks_columns_visual_guide":"","footnotes":""},"class_list":["post-11980","page","type-page","status-publish","hentry","entry"],"coauthors":[],"author_meta":{"author_link":"https:\/\/almkullens.se\/?author=1","display_name":"Peter &amp; Johanna"},"relative_dates":{"created":"Publicerad 3 \u00e5r sedan","modified":"Uppdaterad 3 \u00e5r sedan"},"absolute_dates":{"created":"Publicerat den 18 december, 2022","modified":"Uppdaterad den 15 oktober, 2023"},"absolute_dates_time":{"created":"Publicerat den 18 december, 2022 07:50","modified":"Uppdaterad den 15 oktober, 2023 11:08"},"featured_img_caption":"","featured_img":false,"series_order":"","jetpack_sharing_enabled":true,"_links":{"self":[{"href":"https:\/\/almkullens.se\/index.php?rest_route=\/wp\/v2\/pages\/11980","targetHints":{"allow":["GET"]}}],"collection":[{"href":"https:\/\/almkullens.se\/index.php?rest_route=\/wp\/v2\/pages"}],"about":[{"href":"https:\/\/almkullens.se\/index.php?rest_route=\/wp\/v2\/types\/page"}],"author":[{"embeddable":true,"href":"https:\/\/almkullens.se\/index.php?rest_route=\/wp\/v2\/users\/1"}],"replies":[{"embeddable":true,"href":"https:\/\/almkullens.se\/index.php?rest_route=%2Fwp%2Fv2%2Fcomments&post=11980"}],"version-history":[{"count":4,"href":"https:\/\/almkullens.se\/index.php?rest_route=\/wp\/v2\/pages\/11980\/revisions"}],"predecessor-version":[{"id":12396,"href":"https:\/\/almkullens.se\/index.php?rest_route=\/wp\/v2\/pages\/11980\/revisions\/12396"}],"wp:attachment":[{"href":"https:\/\/almkullens.se\/index.php?rest_route=%2Fwp%2Fv2%2Fmedia&parent=11980"}],"curies":[{"name":"wp","href":"https:\/\/api.w.org\/{rel}","templated":true}]}}

<div class="wp-block-media-text alignwide has-media-on-the-right is-stacked-on-mobile has-white-background-color has-background"><div class="wp-block-media-text__content">
<p class="wp-block-paragraph"><strong>Almkullens Lyra</strong> <a href="javascript:__doPostBack('ctl00$bodyContent$ctl00$ctl31','')">SE47417/2022</a><br /><strong>Far:</strong> Kamvatnet’s Fant<br /><strong>Mor:</strong> Almkullens Fia<br /><strong>Född:</strong> 17/7 2022<br /><strong>HD:</strong> <br /><strong>Färg:</strong> Vit &amp; Orange skimmel<br /><strong>Svans:</strong> stubbsvans<br /><strong>Mankhöjd:</strong> 44-45 cm<br /><a href="https://almkullens.se/?page_id=11778">Galleri: Almkullens Lyra</a></p>
</div><figure class="wp-block-media-text__media"><img loading="lazy" decoding="async" width="1024" height="768" src="https://almkullens.se/wp-content/uploads/2022/12/881-1024x768.jpg" alt="" class="wp-image-11977 size-full" srcset="https://almkullens.se/wp-content/uploads/2022/12/881-1024x768.jpg 1024w, https://almkullens.se/wp-content/uploads/2022/12/881-300x225.jpg 300w, https://almkullens.se/wp-content/uploads/2022/12/881-768x576.jpg 768w, https://almkullens.se/wp-content/uploads/2022/12/881-1536x1152.jpg 1536w, https://almkullens.se/wp-content/uploads/2022/12/881.jpg 1600w" sizes="auto, (max-width: 1024px) 100vw, 1024px" /></figure></div>



<div class="wp-block-media-text alignwide is-stacked-on-mobile has-white-background-color has-background"><figure class="wp-block-media-text__media"><img loading="lazy" decoding="async" width="1024" height="683" src="https://almkullens.se/wp-content/uploads/2022/12/450-1024x683.jpg" alt="" class="wp-image-11975 size-full" srcset="https://almkullens.se/wp-content/uploads/2022/12/450-1024x683.jpg 1024w, https://almkullens.se/wp-content/uploads/2022/12/450-300x200.jpg 300w, https://almkullens.se/wp-content/uploads/2022/12/450-768x512.jpg 768w, https://almkullens.se/wp-content/uploads/2022/12/450-1536x1024.jpg 1536w, https://almkullens.se/wp-content/uploads/2022/12/450.jpg 1800w" sizes="auto, (max-width: 1024px) 100vw, 1024px" /></figure><div class="wp-block-media-text__content">
<p class="wp-block-paragraph"><br />Lyra såldes när hon var drygt ett år till Armi och Björn som bor i stockholm vi hoppas att de kommer att trivas bra ihop och att ni i Lyra också har fått en väl fungerande stående fågelhund. <br />Lyra såldes p.g.a. att hon var alldeles för liten, ca 44-45 cm.<br />Lilla Lyra är ett litet krutpaket, hon springer lika fort som en normalstor breton, vi hann med att träna henne på fågel och det skötte hon bra, hon står, reser och är någorlunda lugn när fåglarna går upp.<br />Lyra och Kassie de hade verkligen roligt ihop, vad de kunde hålla på och leka ❤️! Lyra är en jättetrevlig och mysig breton, hon kommer att vara saknad❤️</p>
</div></div>



<figure class="wp-block-image size-full"><a href="https://almkullens.se/wp-content/uploads/2022/05/Stamtavla-L-kullen.png" rel="lightbox[11980]"><img loading="lazy" decoding="async" width="1015" height="725" src="https://almkullens.se/wp-content/uploads/2022/05/Stamtavla-L-kullen.png" alt="" class="wp-image-11308" srcset="https://almkullens.se/wp-content/uploads/2022/05/Stamtavla-L-kullen.png 1015w, https://almkullens.se/wp-content/uploads/2022/05/Stamtavla-L-kullen-300x214.png 300w, https://almkullens.se/wp-content/uploads/2022/05/Stamtavla-L-kullen-768x549.png 768w" sizes="auto, (max-width: 1015px) 100vw, 1015px" /></a></figure>

<p>Almkullens Lyra SE47417/2022Far: Kamvatnet’s FantMor: Almkullens FiaFödd: 17/7 2022HD: Färg: Vit &amp; Orange skimmelSvans: stubbsvansMankhöjd: 44-45 cmGalleri: Almkullens Lyra Lyra såldes när hon var drygt ett år till Armi och Björn som bor i stockholm vi hoppas att de kommer att trivas bra ihop och att ni i Lyra också har fått en väl fungerande stående fågelhund. Lyra såldes p.g.a. att hon [&hellip;]</p>

Publicerad 3 år sedan

Uppdaterad 3 år sedan
