{"id":1022,"date":"2011-07-26T08:26:04","date_gmt":"2011-07-26T08:26:04","guid":{"rendered":"http:\/\/almkullens.se\/?page_id=1022"},"modified":"2023-07-18T13:01:42","modified_gmt":"2023-07-18T11:01:42","slug":"almkullens-aska","status":"publish","type":"page","link":"https:\/\/almkullens.se\/?page_id=1022","title":{"rendered":"SE JCH SE UCH Almkullens Aska"},"content":{"rendered":"<div class=\"wp-block-image\">\n<figure class=\"alignright is-resized advgb-dyn-5d926294\"><a href=\"https:\/\/almkullens.se\/wp-content\/uploads\/2015\/01\/20150106namnl%C3%B6st001.jpg\" rel=\"lightbox[1022]\"><img loading=\"lazy\" decoding=\"async\" src=\"https:\/\/almkullens.se\/wp-content\/uploads\/2015\/01\/20150106namnl%C3%B6st001-300x210.jpg\" alt=\"\" class=\"wp-image-4863\" style=\"width:641px;height:449px\" width=\"641\" height=\"449\"\/><\/a><\/figure>\n<\/div>\n\n\n<p class=\"has-very-dark-gray-color has-white-background-color has-text-color has-background wp-block-paragraph\"><strong>Almkullens Aska<\/strong> SE40158\/2011<br \/><strong>Far:<\/strong>\u00a0Stevns\u00e5en&#8217;s Valde<br \/><strong>Mor:<\/strong>\u00a0P\u00e5lamalmens Elva<br \/><strong>F\u00f6dd:<\/strong>\u00a013\/5 2011<br \/><strong>D\u00f6d:<\/strong> 12\/7 2023<br \/><strong>HD:<\/strong>\u00a0A<br \/><strong>HQ:<\/strong>\u00a00,97<br \/><strong>F\u00e4rg:<\/strong>\u00a0Vit &amp; Orange skimmel<br \/><strong>Svans:<\/strong> L\u00e5ng svans<br \/><strong>Mankh\u00f6jd:<\/strong>\u00a049 cm<br \/><strong>Jaktprov<\/strong>: \u00a0<strong>SE JCH<\/strong><br \/>F\u00e4lt: \u00a0 \u00a0 \u00a0\u00a0\u00a0\u00a0\u00a0 1:a Ukl<br \/>Skog: \u00a0\u00a0\u00a0\u00a0\u00a0\u00a0\u00a0\u00a02:a \u00d6kl<br \/>Fj\u00e4ll: \u00a0\u00a0\u00a0 \u00a0\u00a0\u00a0\u00a0\u00a02:a \u00d6kl<br \/>\u00a0\u00a0 \u00a0 \u00a0 \u00a0 \u00a0 \u00a0 \u00a0\u00a0\u00a0\u00a0 1:a \u00d6kl<br \/>F\u00e4lt: \u00a0 \u00a0 \u00a0\u00a0\u00a0\u00a0  1:a Ekl<br \/> \u00a0 \u00a0 \u00a0 \u00a0 \u00a0 \u00a0 \u00a0\u00a0\u00a0\u00a0 1:a Ekl<br \/> \u00a0 \u00a0 \u00a0 \u00a0 \u00a0 \u00a0\u00a0\u00a0 \u00a0\u00a0 1:a HP Ekl och h\u00e4rmed klar Jaktchampion!<br \/> \u00a0 \u00a0 \u00a0 \u00a0 \u00a0\u00a0\u00a0 \u00a0\u00a0 \u00a0\u00a02:a Ekl<br \/> \u00a0 \u00a0 \u00a0 \u00a0 \u00a0 \u00a0 \u00a0 \u00a0\u00a04 plac SM Skl-16<br \/>\u00c5rets Breton-2013<br \/>\u00c5rets allroundhund-2013<\/p>\n\n\n<div class=\"wp-block-image\">\n<figure class=\"alignright is-resized advgb-dyn-c49679b5\"><a href=\"https:\/\/almkullens.se\/wp-content\/uploads\/2014\/07\/2117.jpg\" rel=\"lightbox[1022]\"><img loading=\"lazy\" decoding=\"async\" src=\"https:\/\/almkullens.se\/wp-content\/uploads\/2014\/07\/2117-300x200.jpg\" alt=\"SE JCH Almkullens Aska\" class=\"wp-image-3799\" style=\"width:507px;height:338px\" width=\"507\" height=\"338\" srcset=\"https:\/\/almkullens.se\/wp-content\/uploads\/2014\/07\/2117-300x200.jpg 300w, https:\/\/almkullens.se\/wp-content\/uploads\/2014\/07\/2117.jpg 1024w\" sizes=\"auto, (max-width: 507px) 100vw, 507px\" \/><\/a><\/figure>\n<\/div>\n\n\n<p class=\"has-very-dark-gray-color has-white-background-color has-text-color has-background wp-block-paragraph\"><strong>Utst\u00e4llning: \u00a0SE UCH<\/strong><br \/>Junkl: \u00a0 \u00a0 \u00a0 \u00a0 \u00a0\u00a0\u00a0Excellent<br \/>Jaktklass: 5xExcellent 4xCK 3xCERT 2xBIR 1 CACIB\u00a0<br \/>Aska erh\u00f6ll 2021 SKK\u2019s Bruksavelspris!<br \/><a href=\"https:\/\/almkullens.se\/wp-content\/uploads\/2011\/07\/Jaktprovskritik-Aska.pdf\">Jaktprovskritik Aska<\/a>                <a href=\"http:\/\/hundar.skk.se\/Avelsdata\/Flikar.aspx?sida=Hund_info&amp;id=2766860\">Avelsdata Aska<\/a><br \/> Aska har 3 kullar med totalt 20 valpar.  13 av valparna har hittills g\u00e5tt till pris, 9 av dem har f\u00e5tt 1 pris och 3 av dem \u00e4r elithundar&#8230;hennes valpar har sammanlagt 17 st 1 pris!!!!  <br \/>Aska har i skrivande stund 87 barnbarn i olika l\u00e4nder.<br \/>Aska \u00e4r fr\u00e5n v\u00e5r egen uppf\u00f6dning och hon har visat sig vara en mycket l\u00e4ttdresserad tjej. Hon har en naturlig reviering, spontan sekundering och har aldrig varit sv\u00e5r att f\u00e5 stopp p\u00e5 i f\u00e5gel. Aska rapporterar ocks\u00e5.<\/p>\n\n\n<div class=\"wp-block-image\">\n<figure class=\"alignleft is-resized advgb-dyn-0fb927ce\"><a href=\"https:\/\/almkullens.se\/wp-content\/uploads\/2014\/11\/1333.jpg\" rel=\"lightbox[1022]\"><img loading=\"lazy\" decoding=\"async\" src=\"https:\/\/almkullens.se\/wp-content\/uploads\/2014\/11\/1333-300x200.jpg\" alt=\"\" class=\"wp-image-4708\" style=\"width:510px;height:340px\" width=\"510\" height=\"340\" srcset=\"https:\/\/almkullens.se\/wp-content\/uploads\/2014\/11\/1333-300x200.jpg 300w, https:\/\/almkullens.se\/wp-content\/uploads\/2014\/11\/1333-1024x682.jpg 1024w, https:\/\/almkullens.se\/wp-content\/uploads\/2014\/11\/1333.jpg 1800w\" sizes=\"auto, (max-width: 510px) 100vw, 510px\" \/><\/a><figcaption class=\"wp-element-caption\">Aska reser en rapph\u00f6na<\/figcaption><\/figure>\n<\/div>\n\n\n<p class=\"has-very-dark-gray-color has-white-background-color has-text-color has-background wp-block-paragraph\">Hennes provresultat talar f\u00f6r sig sj\u00e4lv p\u00e5 bara 9 starter \u00e4r hon f\u00e4rdig JaktChampion 2 \u00e5r och 5 m\u00e5n gammal! Hon har g\u00e5tt till pris p\u00e5 8 av 10 starter, det \u00e4r 80%! Hon tog h\u00f6sten 2013 h\u00f6ga&nbsp;priser p\u00e5 alla underlag. Hon startades ocks\u00e5 p\u00e5 Bretonklubbens f\u00f6rsta BretonSM 2016 och blev d\u00e4r 4-placerad. Hon \u00e4r lugn och mysig inomhus och \u00e4lskar att ligga i soffan och bli klappad\u2026<br \/><span style=\"color:#0693e3\" class=\"tadv-color\">Galleri:&nbsp;<a href=\"https:\/\/almkullens.se\/?page_id=3805\">Almkullens Aska<\/a><\/span><br \/>H\u00e4r \u00e4r en film n\u00e4r&nbsp;<span style=\"color:#0693e3\" class=\"tadv-color\"><a href=\"https:\/\/www.youtube.com\/watch?v=8UkfE3vQ3EY\">Aska reser rapph\u00f6ns<\/a>.<\/span><br \/>H\u00e4r \u00e4r ett par filmer fr\u00e5n F\u00e5gelhundsmatchen 2013 d\u00e4r bretonlaget kom p\u00e5 delad 1:a plats och Aska blev B\u00e4sta hund!&nbsp;<a href=\"http:\/\/vimeo.com\/79033400\"><span style=\"color:#0693e3\" class=\"tadv-color\">F\u00e5gelhundsmatchen 2013<\/span><\/a>&nbsp;av Patrik Friberg&nbsp;och&nbsp;<a href=\"https:\/\/www.youtube.com\/watch?v=OcXB1UsQSSE\"><span style=\"color:#0693e3\" class=\"tadv-color\">en film till<\/span><\/a>&nbsp;av Bo Olsson<\/p>\n\n\n<div class=\"wp-block-image\">\n<figure class=\"alignleft\"><a href=\"https:\/\/almkullens.se\/?attachment_id=1667\"><img loading=\"lazy\" decoding=\"async\" width=\"1952\" height=\"1344\" src=\"https:\/\/almkullens.se\/wp-content\/uploads\/2011\/07\/IMG1.jpg\" alt=\"\" class=\"wp-image-1667\" srcset=\"https:\/\/almkullens.se\/wp-content\/uploads\/2011\/07\/IMG1.jpg 1952w, https:\/\/almkullens.se\/wp-content\/uploads\/2011\/07\/IMG1-300x206.jpg 300w, https:\/\/almkullens.se\/wp-content\/uploads\/2011\/07\/IMG1-1024x705.jpg 1024w\" sizes=\"auto, (max-width: 1952px) 100vw, 1952px\" \/><\/a><\/figure>\n<\/div>\n\n\n<p class=\"wp-block-paragraph\"><\/p>\n","protected":false},"excerpt":{"rendered":"<p>Almkullens Aska SE40158\/2011Far:\u00a0Stevns\u00e5en&#8217;s ValdeMor:\u00a0P\u00e5lamalmens ElvaF\u00f6dd:\u00a013\/5 2011D\u00f6d: 12\/7 2023HD:\u00a0AHQ:\u00a00,97F\u00e4rg:\u00a0Vit &amp; Orange skimmelSvans: L\u00e5ng svansMankh\u00f6jd:\u00a049 cmJaktprov: \u00a0SE JCHF\u00e4lt: \u00a0 \u00a0 \u00a0\u00a0\u00a0\u00a0\u00a0 1:a UklSkog: \u00a0\u00a0\u00a0\u00a0\u00a0\u00a0\u00a0\u00a02:a \u00d6klFj\u00e4ll: \u00a0\u00a0\u00a0 \u00a0\u00a0\u00a0\u00a0\u00a02:a \u00d6kl\u00a0\u00a0 \u00a0 \u00a0 \u00a0 \u00a0 \u00a0 \u00a0\u00a0\u00a0\u00a0 1:a \u00d6klF\u00e4lt: \u00a0 \u00a0 \u00a0\u00a0\u00a0\u00a0 1:a Ekl \u00a0 \u00a0 \u00a0 \u00a0 \u00a0 \u00a0 \u00a0\u00a0\u00a0\u00a0 1:a Ekl \u00a0 \u00a0 \u00a0 \u00a0 \u00a0 \u00a0\u00a0\u00a0 \u00a0\u00a0 [&hellip;]<\/p>\n","protected":false},"author":1,"featured_media":0,"parent":0,"menu_order":0,"comment_status":"open","ping_status":"open","template":"onecolumn-page.php","meta":{"_crdt_document":"","advgb_blocks_editor_width":"","advgb_blocks_columns_visual_guide":"","footnotes":""},"class_list":["post-1022","page","type-page","status-publish","hentry","entry"],"coauthors":[],"author_meta":{"author_link":"https:\/\/almkullens.se\/?author=1","display_name":"Peter &amp; Johanna"},"relative_dates":{"created":"Publicerad 15 \u00e5r sedan","modified":"Uppdaterad 3 \u00e5r sedan"},"absolute_dates":{"created":"Publicerat den 26 juli, 2011","modified":"Uppdaterad den 18 juli, 2023"},"absolute_dates_time":{"created":"Publicerat den 26 juli, 2011 08:26","modified":"Uppdaterad den 18 juli, 2023 13:01"},"featured_img_caption":"","featured_img":false,"series_order":"","jetpack_sharing_enabled":true,"_links":{"self":[{"href":"https:\/\/almkullens.se\/index.php?rest_route=\/wp\/v2\/pages\/1022","targetHints":{"allow":["GET"]}}],"collection":[{"href":"https:\/\/almkullens.se\/index.php?rest_route=\/wp\/v2\/pages"}],"about":[{"href":"https:\/\/almkullens.se\/index.php?rest_route=\/wp\/v2\/types\/page"}],"author":[{"embeddable":true,"href":"https:\/\/almkullens.se\/index.php?rest_route=\/wp\/v2\/users\/1"}],"replies":[{"embeddable":true,"href":"https:\/\/almkullens.se\/index.php?rest_route=%2Fwp%2Fv2%2Fcomments&post=1022"}],"version-history":[{"count":79,"href":"https:\/\/almkullens.se\/index.php?rest_route=\/wp\/v2\/pages\/1022\/revisions"}],"predecessor-version":[{"id":12331,"href":"https:\/\/almkullens.se\/index.php?rest_route=\/wp\/v2\/pages\/1022\/revisions\/12331"}],"wp:attachment":[{"href":"https:\/\/almkullens.se\/index.php?rest_route=%2Fwp%2Fv2%2Fmedia&parent=1022"}],"curies":[{"name":"wp","href":"https:\/\/api.w.org\/{rel}","templated":true}]}}

<div class="wp-block-image">
<figure class="alignright is-resized advgb-dyn-5d926294"><a href="https://almkullens.se/wp-content/uploads/2015/01/20150106namnl%C3%B6st001.jpg" rel="lightbox[1022]"><img loading="lazy" decoding="async" src="https://almkullens.se/wp-content/uploads/2015/01/20150106namnl%C3%B6st001-300x210.jpg" alt="" class="wp-image-4863" style="width:641px;height:449px" width="641" height="449"/></a></figure>
</div>


<p class="has-very-dark-gray-color has-white-background-color has-text-color has-background wp-block-paragraph"><strong>Almkullens Aska</strong> SE40158/2011<br /><strong>Far:</strong> Stevnsåen&#8217;s Valde<br /><strong>Mor:</strong> Pålamalmens Elva<br /><strong>Född:</strong> 13/5 2011<br /><strong>Död:</strong> 12/7 2023<br /><strong>HD:</strong> A<br /><strong>HQ:</strong> 0,97<br /><strong>Färg:</strong> Vit &amp; Orange skimmel<br /><strong>Svans:</strong> Lång svans<br /><strong>Mankhöjd:</strong> 49 cm<br /><strong>Jaktprov</strong>:  <strong>SE JCH</strong><br />Fält:           1:a Ukl<br />Skog:         2:a Ökl<br />Fjäll:          2:a Ökl<br />                  1:a Ökl<br />Fält:           1:a Ekl<br />                  1:a Ekl<br />                  1:a HP Ekl och härmed klar Jaktchampion!<br />                  2:a Ekl<br />                 4 plac SM Skl-16<br />Årets Breton-2013<br />Årets allroundhund-2013</p>


<div class="wp-block-image">
<figure class="alignright is-resized advgb-dyn-c49679b5"><a href="https://almkullens.se/wp-content/uploads/2014/07/2117.jpg" rel="lightbox[1022]"><img loading="lazy" decoding="async" src="https://almkullens.se/wp-content/uploads/2014/07/2117-300x200.jpg" alt="SE JCH Almkullens Aska" class="wp-image-3799" style="width:507px;height:338px" width="507" height="338" srcset="https://almkullens.se/wp-content/uploads/2014/07/2117-300x200.jpg 300w, https://almkullens.se/wp-content/uploads/2014/07/2117.jpg 1024w" sizes="auto, (max-width: 507px) 100vw, 507px" /></a></figure>
</div>


<p class="has-very-dark-gray-color has-white-background-color has-text-color has-background wp-block-paragraph"><strong>Utställning:  SE UCH</strong><br />Junkl:            Excellent<br />Jaktklass: 5xExcellent 4xCK 3xCERT 2xBIR 1 CACIB <br />Aska erhöll 2021 SKK’s Bruksavelspris!<br /><a href="https://almkullens.se/wp-content/uploads/2011/07/Jaktprovskritik-Aska.pdf">Jaktprovskritik Aska</a>                <a href="http://hundar.skk.se/Avelsdata/Flikar.aspx?sida=Hund_info&amp;id=2766860">Avelsdata Aska</a><br /> Aska har 3 kullar med totalt 20 valpar.  13 av valparna har hittills gått till pris, 9 av dem har fått 1 pris och 3 av dem är elithundar&#8230;hennes valpar har sammanlagt 17 st 1 pris!!!!  <br />Aska har i skrivande stund 87 barnbarn i olika länder.<br />Aska är från vår egen uppfödning och hon har visat sig vara en mycket lättdresserad tjej. Hon har en naturlig reviering, spontan sekundering och har aldrig varit svår att få stopp på i fågel. Aska rapporterar också.</p>


<div class="wp-block-image">
<figure class="alignleft is-resized advgb-dyn-0fb927ce"><a href="https://almkullens.se/wp-content/uploads/2014/11/1333.jpg" rel="lightbox[1022]"><img loading="lazy" decoding="async" src="https://almkullens.se/wp-content/uploads/2014/11/1333-300x200.jpg" alt="" class="wp-image-4708" style="width:510px;height:340px" width="510" height="340" srcset="https://almkullens.se/wp-content/uploads/2014/11/1333-300x200.jpg 300w, https://almkullens.se/wp-content/uploads/2014/11/1333-1024x682.jpg 1024w, https://almkullens.se/wp-content/uploads/2014/11/1333.jpg 1800w" sizes="auto, (max-width: 510px) 100vw, 510px" /></a><figcaption class="wp-element-caption">Aska reser en rapphöna</figcaption></figure>
</div>


<p class="has-very-dark-gray-color has-white-background-color has-text-color has-background wp-block-paragraph">Hennes provresultat talar för sig själv på bara 9 starter är hon färdig JaktChampion 2 år och 5 mån gammal! Hon har gått till pris på 8 av 10 starter, det är 80%! Hon tog hösten 2013 höga&nbsp;priser på alla underlag. Hon startades också på Bretonklubbens första BretonSM 2016 och blev där 4-placerad. Hon är lugn och mysig inomhus och älskar att ligga i soffan och bli klappad…<br /><span style="color:#0693e3" class="tadv-color">Galleri:&nbsp;<a href="https://almkullens.se/?page_id=3805">Almkullens Aska</a></span><br />Här är en film när&nbsp;<span style="color:#0693e3" class="tadv-color"><a href="https://www.youtube.com/watch?v=8UkfE3vQ3EY">Aska reser rapphöns</a>.</span><br />Här är ett par filmer från Fågelhundsmatchen 2013 där bretonlaget kom på delad 1:a plats och Aska blev Bästa hund!&nbsp;<a href="http://vimeo.com/79033400"><span style="color:#0693e3" class="tadv-color">Fågelhundsmatchen 2013</span></a>&nbsp;av Patrik Friberg&nbsp;och&nbsp;<a href="https://www.youtube.com/watch?v=OcXB1UsQSSE"><span style="color:#0693e3" class="tadv-color">en film till</span></a>&nbsp;av Bo Olsson</p>


<div class="wp-block-image">
<figure class="alignleft"><a href="https://almkullens.se/?attachment_id=1667"><img loading="lazy" decoding="async" width="1952" height="1344" src="https://almkullens.se/wp-content/uploads/2011/07/IMG1.jpg" alt="" class="wp-image-1667" srcset="https://almkullens.se/wp-content/uploads/2011/07/IMG1.jpg 1952w, https://almkullens.se/wp-content/uploads/2011/07/IMG1-300x206.jpg 300w, https://almkullens.se/wp-content/uploads/2011/07/IMG1-1024x705.jpg 1024w" sizes="auto, (max-width: 1952px) 100vw, 1952px" /></a></figure>
</div>


<p class="wp-block-paragraph"></p>

<p>Almkullens Aska SE40158/2011Far: Stevnsåen&#8217;s ValdeMor: Pålamalmens ElvaFödd: 13/5 2011Död: 12/7 2023HD: AHQ: 0,97Färg: Vit &amp; Orange skimmelSvans: Lång svansMankhöjd: 49 cmJaktprov:  SE JCHFält:           1:a UklSkog:         2:a ÖklFjäll:          2:a Ökl                  1:a ÖklFält:          1:a Ekl                  1:a Ekl                  [&hellip;]</p>

Publicerad 15 år sedan

Uppdaterad 3 år sedan
